Last updated on 2024-04-17 13:57:44 CEST.
Flavor | Version | Tinstall | Tcheck | Ttotal | Status | Flags |
---|---|---|---|---|---|---|
r-devel-linux-x86_64-debian-clang | 0.48 | 17.83 | 144.72 | 162.55 | OK | |
r-devel-linux-x86_64-debian-gcc | 0.48 | 13.69 | 104.63 | 118.32 | OK | |
r-devel-linux-x86_64-fedora-clang | 0.48 | 211.89 | OK | |||
r-devel-linux-x86_64-fedora-gcc | 0.48 | 191.45 | OK | |||
r-prerel-macos-arm64 | 0.48 | 53.00 | OK | |||
r-prerel-windows-x86_64 | 0.48 | 15.00 | 115.00 | 130.00 | OK | |
r-patched-linux-x86_64 | 0.48 | 20.63 | 136.48 | 157.11 | OK | |
r-release-linux-x86_64 | 0.48 | 18.83 | 139.87 | 158.70 | OK | |
r-release-macos-arm64 | 0.48 | 61.00 | OK | |||
r-release-macos-x86_64 | 0.48 | 100.00 | OK | |||
r-release-windows-x86_64 | 0.48 | 20.00 | 140.00 | 160.00 | OK | |
r-oldrel-macos-arm64 | 0.48 | 58.00 | NOTE | |||
r-oldrel-windows-x86_64 | 0.48 | 20.00 | 150.00 | 170.00 | OK |
Version: 0.48
Check: package dependencies
Result: NOTE
Packages suggested but not available for checking: 'graph', 'Rgraphviz'
Flavor: r-oldrel-macos-arm64
Version: 0.48
Check: Rd cross-references
Result: NOTE
Packages unavailable to check Rd xrefs: ‘Rgraphviz’, ‘graph’
Flavor: r-oldrel-macos-arm64