CRAN Package Check Results for Package sketcher

Last updated on 2020-10-26 11:51:17 CET.

Flavor Version Tinstall Tcheck Ttotal Status Flags
r-devel-linux-x86_64-debian-clang 0.1.3 4.47 30.12 34.59 OK
r-devel-linux-x86_64-debian-gcc 0.1.3 3.60 23.45 27.05 OK
r-devel-linux-x86_64-fedora-clang 0.1.3 53.19 NOTE
r-devel-linux-x86_64-fedora-gcc 0.1.3 40.59 NOTE
r-devel-windows-ix86+x86_64 0.1.3 10.00 46.00 56.00 OK
r-patched-linux-x86_64 0.1.3 4.23 28.18 32.41 OK
r-patched-solaris-x86 0.1.3 61.70 NOTE
r-release-linux-x86_64 0.1.3 4.03 28.18 32.21 OK
r-release-macos-x86_64 0.1.3 NOTE
r-release-windows-ix86+x86_64 0.1.3 8.00 33.00 41.00 OK
r-oldrel-macos-x86_64 0.1.3 NOTE
r-oldrel-windows-ix86+x86_64 0.1.3 7.00 34.00 41.00 OK

Check Details

Version: 0.1.3
Check: dependencies in R code
Result: NOTE
    Namespaces in Imports field not imported from:
     ‘dplyr’ ‘methods’
     All declared Imports should be used.
Flavors: r-devel-linux-x86_64-fedora-clang, r-devel-linux-x86_64-fedora-gcc, r-patched-solaris-x86, r-release-macos-x86_64, r-oldrel-macos-x86_64