Last updated on 2024-05-01 16:53:11 CEST.
Flavor | Version | Tinstall | Tcheck | Ttotal | Status | Flags |
---|---|---|---|---|---|---|
r-devel-linux-x86_64-debian-clang | 1.0.3 | 6.20 | 43.27 | 49.47 | OK | |
r-devel-linux-x86_64-debian-gcc | 1.0.3 | 3.97 | 34.35 | 38.32 | OK | |
r-devel-linux-x86_64-fedora-clang | 1.0.3 | 60.88 | NOTE | |||
r-devel-linux-x86_64-fedora-gcc | 1.0.3 | 58.03 | NOTE | |||
r-devel-windows-x86_64 | 1.0.3 | 7.00 | 58.00 | 65.00 | OK | |
r-patched-linux-x86_64 | 1.0.3 | 5.38 | 42.20 | 47.58 | OK | |
r-release-linux-x86_64 | 1.0.3 | 5.62 | 42.85 | 48.47 | OK | |
r-release-macos-arm64 | 1.0.3 | 25.00 | OK | |||
r-release-macos-x86_64 | 1.0.3 | 57.00 | OK | |||
r-release-windows-x86_64 | 1.0.3 | 6.00 | 56.00 | 62.00 | OK | |
r-oldrel-macos-arm64 | 1.0.3 | 28.00 | OK | |||
r-oldrel-macos-x86_64 | 1.0.3 | 42.00 | OK | |||
r-oldrel-windows-x86_64 | 1.0.3 | 9.00 | 58.00 | 67.00 | OK |
Version: 1.0.3
Check: data for non-ASCII characters
Result: NOTE
Note: found 2 marked UTF-8 strings
Flavors: r-devel-linux-x86_64-fedora-clang, r-devel-linux-x86_64-fedora-gcc