Last updated on 2025-01-19 05:49:21 CET.
Flavor | Version | Tinstall | Tcheck | Ttotal | Status | Flags |
---|---|---|---|---|---|---|
r-devel-linux-x86_64-debian-clang | 3.0-2 | 13.59 | 95.44 | 109.03 | NOTE | |
r-devel-linux-x86_64-debian-gcc | 3.0-2 | 8.38 | 67.99 | 76.37 | NOTE | |
r-devel-linux-x86_64-fedora-clang | 3.0-2 | 175.06 | OK | |||
r-devel-linux-x86_64-fedora-gcc | 3.0-2 | 165.87 | OK | |||
r-devel-windows-x86_64 | 3.0-2 | 16.00 | 105.00 | 121.00 | NOTE | |
r-patched-linux-x86_64 | 3.0-2 | 16.24 | 89.05 | 105.29 | OK | |
r-release-linux-x86_64 | 3.0-2 | 10.80 | 89.23 | 100.03 | OK | |
r-release-macos-arm64 | 3.0-2 | 47.00 | OK | |||
r-release-macos-x86_64 | 3.0-2 | 84.00 | OK | |||
r-release-windows-x86_64 | 3.0-2 | 18.00 | 106.00 | 124.00 | OK | |
r-oldrel-macos-arm64 | 3.0-2 | 53.00 | OK | |||
r-oldrel-macos-x86_64 | 3.0-2 | 83.00 | OK | |||
r-oldrel-windows-x86_64 | 3.0-2 | 16.00 | 125.00 | 141.00 | OK |
Version: 3.0-2
Check: Rd cross-references
Result: NOTE
Found the following Rd file(s) with Rd \link{} targets missing package
anchors:
sklars.omega.Rd: hjkb
Please provide package anchors for all Rd \link{} targets not in the
package itself and the base packages.
Flavors: r-devel-linux-x86_64-debian-clang, r-devel-linux-x86_64-debian-gcc, r-devel-windows-x86_64