Last updated on 2025-01-19 05:49:21 CET.
Flavor | Version | Tinstall | Tcheck | Ttotal | Status | Flags |
---|---|---|---|---|---|---|
r-devel-linux-x86_64-debian-clang | 0.2-18 | 2.89 | 39.14 | 42.03 | OK | |
r-devel-linux-x86_64-debian-gcc | 0.2-18 | 1.93 | 30.11 | 32.04 | OK | |
r-devel-linux-x86_64-fedora-clang | 0.2-18 | 66.17 | OK | |||
r-devel-linux-x86_64-fedora-gcc | 0.2-18 | 64.53 | OK | |||
r-devel-windows-x86_64 | 0.2-18 | 6.00 | 58.00 | 64.00 | OK | |
r-patched-linux-x86_64 | 0.2-18 | 2.91 | 38.06 | 40.97 | NOTE | |
r-release-linux-x86_64 | 0.2-18 | 2.71 | 37.27 | 39.98 | NOTE | |
r-release-macos-arm64 | 0.2-18 | 193.00 | NOTE | |||
r-release-macos-x86_64 | 0.2-18 | 206.00 | NOTE | |||
r-release-windows-x86_64 | 0.2-18 | 5.00 | 66.00 | 71.00 | NOTE | |
r-oldrel-macos-arm64 | 0.2-18 | 199.00 | NOTE | |||
r-oldrel-macos-x86_64 | 0.2-18 | 209.00 | NOTE | |||
r-oldrel-windows-x86_64 | 0.2-18 | 5.00 | 62.00 | 67.00 | NOTE |
Version: 0.2-18
Check: package dependencies
Result: NOTE
Package which this enhances but not available for checking: ‘kmndirs’
Flavors: r-patched-linux-x86_64, r-release-linux-x86_64, r-release-macos-arm64, r-release-macos-x86_64, r-release-windows-x86_64, r-oldrel-macos-arm64, r-oldrel-macos-x86_64, r-oldrel-windows-x86_64