CRAN Package Check Results for Package skpr

Last updated on 2025-01-19 05:49:21 CET.

Flavor Version Tinstall Tcheck Ttotal Status Flags
r-devel-linux-x86_64-debian-clang 1.7.1 154.61 87.74 242.35 OK
r-devel-linux-x86_64-debian-gcc 1.7.1 125.21 69.16 194.37 OK
r-devel-linux-x86_64-fedora-clang 1.7.1 443.85 OK
r-devel-linux-x86_64-fedora-gcc 1.7.1 511.18 OK
r-devel-windows-x86_64 1.7.1 137.00 136.00 273.00 OK
r-patched-linux-x86_64 1.7.1 157.53 103.20 260.73 OK
r-release-linux-x86_64 1.7.1 165.30 103.72 269.02 OK
r-release-macos-arm64 1.7.1 91.00 NOTE
r-release-macos-x86_64 1.7.1 113.00 NOTE
r-release-windows-x86_64 1.7.1 136.00 133.00 269.00 OK
r-oldrel-macos-arm64 1.7.1 92.00 NOTE
r-oldrel-macos-x86_64 1.7.1 160.00 NOTE
r-oldrel-windows-x86_64 1.7.1 173.00 167.00 340.00 OK

Check Details

Version: 1.7.1
Check: installed package size
Result: NOTE installed size is 38.2Mb sub-directories of 1Mb or more: libs 37.6Mb Flavors: r-release-macos-arm64, r-release-macos-x86_64, r-oldrel-macos-arm64, r-oldrel-macos-x86_64