Last updated on 2025-01-19 05:49:21 CET.
Flavor | Version | Tinstall | Tcheck | Ttotal | Status | Flags |
---|---|---|---|---|---|---|
r-devel-linux-x86_64-debian-clang | 1.0.0 | 14.59 | 244.13 | 258.72 | OK | |
r-devel-linux-x86_64-debian-gcc | 1.0.0 | 10.36 | 161.97 | 172.33 | OK | |
r-devel-linux-x86_64-fedora-clang | 1.0.0 | 434.88 | NOTE | |||
r-devel-linux-x86_64-fedora-gcc | 1.0.0 | 415.63 | NOTE | |||
r-devel-windows-x86_64 | 1.0.0 | 16.00 | 451.00 | 467.00 | OK | |
r-patched-linux-x86_64 | 1.0.0 | 14.97 | 227.84 | 242.81 | OK | |
r-release-linux-x86_64 | 1.0.0 | 15.12 | 229.76 | 244.88 | OK | |
r-release-macos-arm64 | 1.0.0 | 305.00 | OK | |||
r-release-macos-x86_64 | 1.0.0 | 386.00 | OK | |||
r-release-windows-x86_64 | 1.0.0 | 16.00 | 457.00 | 473.00 | OK | |
r-oldrel-macos-arm64 | 1.0.0 | 333.00 | OK | |||
r-oldrel-macos-x86_64 | 1.0.0 | 420.00 | OK | |||
r-oldrel-windows-x86_64 | 1.0.0 | 21.00 | 526.00 | 547.00 | OK |
Version: 1.0.0
Check: dependencies in R code
Result: NOTE
Namespaces in Imports field not imported from:
‘numDeriv’ ‘png’
All declared Imports should be used.
Flavors: r-devel-linux-x86_64-fedora-clang, r-devel-linux-x86_64-fedora-gcc