Last updated on 2025-01-19 05:49:21 CET.
Flavor | Version | Tinstall | Tcheck | Ttotal | Status | Flags |
---|---|---|---|---|---|---|
r-devel-linux-x86_64-debian-clang | 1.3.0 | 43.20 | 62.89 | 106.09 | OK | |
r-devel-linux-x86_64-debian-gcc | 1.3.0 | 34.56 | 43.78 | 78.34 | OK | |
r-devel-linux-x86_64-fedora-clang | 1.3.0 | 200.35 | OK | |||
r-devel-linux-x86_64-fedora-gcc | 1.3.0 | 198.82 | OK | |||
r-devel-windows-x86_64 | 1.3.0 | 50.00 | 113.00 | 163.00 | OK | |
r-patched-linux-x86_64 | 1.3.0 | 39.89 | 60.64 | 100.53 | OK | |
r-release-linux-x86_64 | 1.3.0 | 44.64 | 59.35 | 103.99 | OK | |
r-release-macos-arm64 | 1.3.0 | 54.00 | NOTE | |||
r-release-macos-x86_64 | 1.3.0 | 83.00 | NOTE | |||
r-release-windows-x86_64 | 1.3.0 | 47.00 | 116.00 | 163.00 | NOTE | |
r-oldrel-macos-arm64 | 1.3.0 | 55.00 | NOTE | |||
r-oldrel-macos-x86_64 | 1.3.0 | 90.00 | NOTE | |||
r-oldrel-windows-x86_64 | 1.3.0 | 62.00 | 130.00 | 192.00 | NOTE |
Version: 1.3.0
Check: installed package size
Result: NOTE
installed size is 6.6Mb
sub-directories of 1Mb or more:
data 3.8Mb
libs 2.2Mb
Flavors: r-release-macos-arm64, r-release-macos-x86_64, r-release-windows-x86_64, r-oldrel-macos-arm64, r-oldrel-macos-x86_64, r-oldrel-windows-x86_64