Last updated on 2025-01-19 05:49:21 CET.
Flavor | Version | Tinstall | Tcheck | Ttotal | Status | Flags |
---|---|---|---|---|---|---|
r-devel-linux-x86_64-debian-clang | 1.0.5 | 90.68 | 87.27 | 177.95 | OK | |
r-devel-linux-x86_64-debian-gcc | 1.0.5 | 72.58 | 65.43 | 138.01 | OK | |
r-devel-linux-x86_64-fedora-clang | 1.0.5 | 277.58 | OK | |||
r-devel-linux-x86_64-fedora-gcc | 1.0.5 | 343.06 | OK | |||
r-devel-windows-x86_64 | 1.0.5 | 88.00 | 100.00 | 188.00 | OK | |
r-patched-linux-x86_64 | 1.0.5 | 99.35 | 101.46 | 200.81 | OK | |
r-release-linux-x86_64 | 1.0.5 | 98.52 | 95.82 | 194.34 | OK | |
r-release-macos-arm64 | 1.0.5 | 71.00 | NOTE | |||
r-release-macos-x86_64 | 1.0.5 | 156.00 | NOTE | |||
r-release-windows-x86_64 | 1.0.5 | 86.00 | 98.00 | 184.00 | OK | |
r-oldrel-macos-arm64 | 1.0.5 | 71.00 | NOTE | |||
r-oldrel-macos-x86_64 | 1.0.5 | 157.00 | NOTE | |||
r-oldrel-windows-x86_64 | 1.0.5 | 101.00 | 113.00 | 214.00 | OK |
Version: 1.0.5
Check: installed package size
Result: NOTE
installed size is 31.7Mb
sub-directories of 1Mb or more:
libs 31.3Mb
Flavors: r-release-macos-arm64, r-release-macos-x86_64, r-oldrel-macos-arm64, r-oldrel-macos-x86_64