Last updated on 2025-01-19 05:49:21 CET.
Flavor | Version | Tinstall | Tcheck | Ttotal | Status | Flags |
---|---|---|---|---|---|---|
r-devel-linux-x86_64-debian-clang | 2.0.0 | 3.67 | 32.57 | 36.24 | OK | |
r-devel-linux-x86_64-debian-gcc | 2.0.0 | 2.57 | 24.34 | 26.91 | OK | |
r-devel-linux-x86_64-fedora-clang | 2.0.0 | 59.96 | OK | |||
r-devel-linux-x86_64-fedora-gcc | 2.0.0 | 61.07 | OK | |||
r-devel-windows-x86_64 | 2.0.0 | 5.00 | 55.00 | 60.00 | OK | |
r-patched-linux-x86_64 | 2.0.0 | 3.10 | 31.87 | 34.97 | NOTE | |
r-release-linux-x86_64 | 2.0.0 | 3.39 | 32.64 | 36.03 | NOTE | |
r-release-macos-arm64 | 2.0.0 | 26.00 | NOTE | |||
r-release-macos-x86_64 | 2.0.0 | 33.00 | NOTE | |||
r-release-windows-x86_64 | 2.0.0 | 5.00 | 57.00 | 62.00 | OK | |
r-oldrel-macos-arm64 | 2.0.0 | 30.00 | OK | |||
r-oldrel-macos-x86_64 | 2.0.0 | 33.00 | OK | |||
r-oldrel-windows-x86_64 | 2.0.0 | 6.00 | 59.00 | 65.00 | OK |
Version: 2.0.0
Check: package dependencies
Result: NOTE
Package suggested but not available for checking: ‘captioner’
Flavors: r-patched-linux-x86_64, r-release-linux-x86_64, r-release-macos-arm64, r-release-macos-x86_64