CRAN Package Check Results for Package slimrec

Last updated on 2025-01-19 05:49:21 CET.

Flavor Version Tinstall Tcheck Ttotal Status Flags
r-devel-linux-x86_64-debian-clang 0.1.0 7.56 62.75 70.31 NOTE
r-devel-linux-x86_64-debian-gcc 0.1.0 5.15 47.60 52.75 NOTE
r-devel-linux-x86_64-fedora-clang 0.1.0 115.98 NOTE
r-devel-linux-x86_64-fedora-gcc 0.1.0 107.92 NOTE
r-devel-windows-x86_64 0.1.0 9.00 82.00 91.00 NOTE
r-patched-linux-x86_64 0.1.0 6.38 59.06 65.44 NOTE
r-release-linux-x86_64 0.1.0 6.82 59.40 66.22 NOTE
r-release-macos-arm64 0.1.0 34.00 NOTE
r-release-macos-x86_64 0.1.0 49.00 NOTE
r-release-windows-x86_64 0.1.0 9.00 79.00 88.00 NOTE
r-oldrel-macos-arm64 0.1.0 37.00 NOTE
r-oldrel-macos-x86_64 0.1.0 59.00 NOTE
r-oldrel-windows-x86_64 0.1.0 9.00 90.00 99.00 NOTE

Check Details

Version: 0.1.0
Check: package subdirectories
Result: NOTE Problems with news in ‘NEWS.md’: No news entries found. Flavors: r-devel-linux-x86_64-debian-clang, r-devel-linux-x86_64-debian-gcc, r-devel-linux-x86_64-fedora-clang, r-devel-linux-x86_64-fedora-gcc, r-devel-windows-x86_64, r-patched-linux-x86_64, r-release-linux-x86_64, r-release-macos-arm64, r-release-macos-x86_64, r-release-windows-x86_64, r-oldrel-macos-arm64, r-oldrel-macos-x86_64, r-oldrel-windows-x86_64