CRAN Package Check Results for Package smartdata

Last updated on 2020-08-12 12:50:28 CEST.

Flavor Version Tinstall Tcheck Ttotal Status Flags
r-devel-linux-x86_64-debian-clang 1.0.3 0.53 2.62 3.15 ERROR
r-devel-linux-x86_64-debian-gcc 1.0.3 0.42 2.06 2.48 ERROR
r-devel-linux-x86_64-fedora-clang 1.0.3 290.29 NOTE
r-devel-linux-x86_64-fedora-gcc 1.0.3 279.91 NOTE
r-devel-windows-ix86+x86_64 1.0.3 32.00 317.00 349.00 OK
r-patched-linux-x86_64 1.0.3 8.02 223.17 231.19 OK
r-release-linux-x86_64 1.0.3 0.48 2.89 3.37 ERROR
r-release-macos-x86_64 1.0.3 NOTE
r-release-windows-ix86+x86_64 1.0.3 39.00 323.00 362.00 OK
r-oldrel-macos-x86_64 1.0.3 NOTE
r-oldrel-windows-ix86+x86_64 1.0.3 20.00 213.00 233.00 OK

Check Details

Version: 1.0.3
Check: package dependencies
Result: ERROR
    Packages required but not available:
     'mice', 'MVN', 'NoiseFiltersR', 'missMDA'
    
    See section 'The DESCRIPTION file' in the 'Writing R Extensions'
    manual.
Flavors: r-devel-linux-x86_64-debian-clang, r-devel-linux-x86_64-debian-gcc, r-release-linux-x86_64

Version: 1.0.3
Check: package dependencies
Result: NOTE
    Imports includes 23 non-default packages.
    Importing from so many packages makes the package vulnerable to any of
    them becoming unavailable. Move as many as possible to Suggests and
    use conditionally.
Flavor: r-devel-linux-x86_64-fedora-clang

Version: 1.0.3
Check: dependencies in R code
Result: NOTE
    Namespaces in Imports field not imported from:
     ‘Amelia’ ‘Boruta’ ‘DMwR’ ‘MVN’ ‘NoiseFiltersR’ ‘VIM’ ‘adaptiveGPCA’
     ‘class’ ‘clusterSim’ ‘denoiseR’ ‘discretization’ ‘imbalance’ ‘lle’
     ‘missForest’ ‘missMDA’ ‘outliers’ ‘unbalanced’
     All declared Imports should be used.
Flavors: r-devel-linux-x86_64-fedora-clang, r-devel-linux-x86_64-fedora-gcc, r-release-macos-x86_64, r-oldrel-macos-x86_64