Last updated on 2024-04-17 13:57:44 CEST.
Flavor | Version | Tinstall | Tcheck | Ttotal | Status | Flags |
---|---|---|---|---|---|---|
r-devel-linux-x86_64-debian-clang | 1.8.3 | 52.21 | 317.16 | 369.37 | NOTE | |
r-devel-linux-x86_64-debian-gcc | 1.8.3 | 42.99 | 208.43 | 251.42 | NOTE | |
r-devel-linux-x86_64-fedora-clang | 1.8.3 | 490.24 | NOTE | |||
r-devel-linux-x86_64-fedora-gcc | 1.8.3 | 465.36 | NOTE | |||
r-prerel-macos-arm64 | 1.8.3 | 141.00 | OK | |||
r-prerel-windows-x86_64 | 1.8.3 | 45.00 | 267.00 | 312.00 | NOTE | |
r-patched-linux-x86_64 | 1.8.3 | 57.88 | 293.45 | 351.33 | NOTE | |
r-release-linux-x86_64 | 1.8.3 | 57.88 | 303.85 | 361.73 | OK | |
r-release-macos-arm64 | 1.8.3 | 169.00 | OK | |||
r-release-macos-x86_64 | 1.8.3 | 356.00 | OK | |||
r-release-windows-x86_64 | 1.8.3 | 44.00 | 313.00 | 357.00 | OK | |
r-oldrel-macos-arm64 | 1.8.3 | 149.00 | OK | |||
r-oldrel-windows-x86_64 | 1.8.3 | 54.00 | 285.00 | 339.00 | OK |
Version: 1.8.3
Check: HTML version of manual
Result: NOTE
Found the following HTML validation problems:
summary.smerc_cluster.html:48:1 (summary.smerc_cluster.Rd:15): Warning: trimming empty <dt>
Flavors: r-devel-linux-x86_64-debian-clang, r-devel-linux-x86_64-debian-gcc, r-devel-linux-x86_64-fedora-clang, r-devel-linux-x86_64-fedora-gcc, r-prerel-windows-x86_64, r-patched-linux-x86_64