Last updated on 2025-01-19 05:49:21 CET.
Flavor | Version | Tinstall | Tcheck | Ttotal | Status | Flags |
---|---|---|---|---|---|---|
r-devel-linux-x86_64-debian-clang | 1.0.5 | 38.71 | 128.19 | 166.90 | OK | |
r-devel-linux-x86_64-debian-gcc | 1.0.5 | 28.16 | 88.46 | 116.62 | OK | |
r-devel-linux-x86_64-fedora-clang | 1.0.5 | 286.41 | OK | |||
r-devel-linux-x86_64-fedora-gcc | 1.0.5 | 291.29 | OK | |||
r-devel-windows-x86_64 | 1.0.5 | 45.00 | 167.00 | 212.00 | OK | |
r-patched-linux-x86_64 | 1.0.5 | 38.35 | 122.66 | 161.01 | OK | |
r-release-linux-x86_64 | 1.0.5 | 38.59 | 118.01 | 156.60 | OK | |
r-release-macos-arm64 | 1.0.5 | 86.00 | NOTE | |||
r-release-macos-x86_64 | 1.0.5 | 228.00 | NOTE | |||
r-release-windows-x86_64 | 1.0.5 | 44.00 | 168.00 | 212.00 | NOTE | |
r-oldrel-macos-arm64 | 1.0.5 | 101.00 | NOTE | |||
r-oldrel-macos-x86_64 | 1.0.5 | 189.00 | NOTE | |||
r-oldrel-windows-x86_64 | 1.0.5 | 47.00 | 193.00 | 240.00 | NOTE |
Version: 1.0.5
Check: installed package size
Result: NOTE
installed size is 6.5Mb
sub-directories of 1Mb or more:
data 3.3Mb
libs 2.2Mb
Flavors: r-release-macos-arm64, r-release-macos-x86_64, r-release-windows-x86_64, r-oldrel-macos-arm64, r-oldrel-macos-x86_64, r-oldrel-windows-x86_64