Last updated on 2025-01-19 05:49:21 CET.
Flavor | Version | Tinstall | Tcheck | Ttotal | Status | Flags |
---|---|---|---|---|---|---|
r-devel-linux-x86_64-debian-clang | 4.1.0 | 152.84 | 436.72 | 589.56 | OK | |
r-devel-linux-x86_64-debian-gcc | 4.1.0 | 118.40 | 277.02 | 395.42 | OK | |
r-devel-linux-x86_64-fedora-clang | 4.1.0 | 1036.61 | OK | |||
r-devel-linux-x86_64-fedora-gcc | 4.1.0 | 1040.25 | OK | |||
r-devel-windows-x86_64 | 4.1.0 | 154.00 | 216.00 | 370.00 | OK | --no-vignettes |
r-patched-linux-x86_64 | 4.1.0 | 171.75 | 425.79 | 597.54 | OK | |
r-release-linux-x86_64 | 4.1.0 | 178.52 | 420.01 | 598.53 | OK | |
r-release-macos-arm64 | 4.1.0 | 245.00 | NOTE | |||
r-release-macos-x86_64 | 4.1.0 | 390.00 | NOTE | |||
r-release-windows-x86_64 | 4.1.0 | 158.00 | 217.00 | 375.00 | NOTE | --no-vignettes |
r-oldrel-macos-arm64 | 4.1.0 | 231.00 | NOTE | |||
r-oldrel-macos-x86_64 | 4.1.0 | 386.00 | NOTE | |||
r-oldrel-windows-x86_64 | 4.1.0 | 185.00 | 239.00 | 424.00 | NOTE | --no-vignettes |
Version: 4.1.0
Check: installed package size
Result: NOTE
installed size is 16.5Mb
sub-directories of 1Mb or more:
R 2.0Mb
doc 3.4Mb
libs 10.6Mb
Flavors: r-release-macos-arm64, r-release-macos-x86_64, r-oldrel-macos-arm64, r-oldrel-macos-x86_64
Version: 4.1.0
Flags: --no-vignettes
Check: package dependencies
Result: NOTE
Package suggested but not available for checking: 'doMC'
Flavors: r-release-windows-x86_64, r-oldrel-windows-x86_64
Version: 4.1.0
Flags: --no-vignettes
Check: installed package size
Result: NOTE
installed size is 6.7Mb
sub-directories of 1Mb or more:
R 1.2Mb
doc 3.4Mb
libs 1.6Mb
Flavors: r-release-windows-x86_64, r-oldrel-windows-x86_64