Last updated on 2024-04-17 13:57:44 CEST.
Flavor | Version | Tinstall | Tcheck | Ttotal | Status | Flags |
---|---|---|---|---|---|---|
r-devel-linux-x86_64-debian-clang | 2.0.5 | 7.26 | 65.38 | 72.64 | NOTE | |
r-devel-linux-x86_64-debian-gcc | 2.0.5 | 5.38 | 48.73 | 54.11 | NOTE | |
r-devel-linux-x86_64-fedora-clang | 2.0.5 | 103.38 | NOTE | |||
r-devel-linux-x86_64-fedora-gcc | 2.0.5 | 87.21 | NOTE | |||
r-prerel-macos-arm64 | 2.0.5 | 30.00 | NOTE | |||
r-prerel-windows-x86_64 | 2.0.5 | 8.00 | 63.00 | 71.00 | NOTE | |
r-patched-linux-x86_64 | 2.0.5 | 9.78 | 62.38 | 72.16 | NOTE | |
r-release-linux-x86_64 | 2.0.5 | 7.32 | 67.26 | 74.58 | OK | |
r-release-macos-arm64 | 2.0.5 | 33.00 | OK | |||
r-release-macos-x86_64 | 2.0.5 | 47.00 | OK | |||
r-release-windows-x86_64 | 2.0.5 | 9.00 | 76.00 | 85.00 | OK | |
r-oldrel-macos-arm64 | 2.0.5 | 29.00 | OK | |||
r-oldrel-windows-x86_64 | 2.0.5 | 10.00 | 78.00 | 88.00 | OK |
Version: 2.0.5
Check: Rd files
Result: NOTE
checkRd: (-1) smoothtail-package.Rd:63: Lost braces
63 | Kaspar Ru{f}{i}bach (maintainer), \email{kaspar.rufibach@gmail.com} , \cr \url{http://www.kasparrufibach.ch}
| ^
checkRd: (-1) smoothtail-package.Rd:63: Lost braces
63 | Kaspar Ru{f}{i}bach (maintainer), \email{kaspar.rufibach@gmail.com} , \cr \url{http://www.kasparrufibach.ch}
| ^
Flavors: r-devel-linux-x86_64-debian-clang, r-devel-linux-x86_64-debian-gcc, r-devel-linux-x86_64-fedora-clang, r-devel-linux-x86_64-fedora-gcc, r-prerel-macos-arm64, r-prerel-windows-x86_64, r-patched-linux-x86_64