CRAN Package Check Results for Package snplinkage

Last updated on 2025-01-19 05:49:21 CET.

Flavor Version Tinstall Tcheck Ttotal Status Flags
r-devel-linux-x86_64-debian-clang 1.2.0 36.38 482.56 518.94 OK
r-devel-linux-x86_64-debian-gcc 1.2.0 23.53 326.46 349.99 OK
r-devel-linux-x86_64-fedora-clang 1.2.0 843.01 OK
r-devel-linux-x86_64-fedora-gcc 1.2.0 797.92 OK
r-devel-windows-x86_64 1.2.0 36.00 418.00 454.00 OK
r-patched-linux-x86_64 1.2.0 33.33 438.91 472.24 OK
r-release-linux-x86_64 1.2.0 28.10 443.73 471.83 OK
r-release-macos-arm64 1.2.0 213.00 NOTE
r-release-macos-x86_64 1.2.0 421.00 NOTE
r-release-windows-x86_64 1.2.0 38.00 414.00 452.00 NOTE
r-oldrel-macos-arm64 1.2.0 10.00 ERROR
r-oldrel-macos-x86_64 1.2.0 11.00 ERROR
r-oldrel-windows-x86_64 1.2.0 43.00 536.00 579.00 NOTE

Check Details

Version: 1.2.0
Check: installed package size
Result: NOTE installed size is 5.6Mb sub-directories of 1Mb or more: doc 4.2Mb Flavors: r-release-macos-arm64, r-release-macos-x86_64, r-release-windows-x86_64, r-oldrel-windows-x86_64

Version: 1.2.0
Check: package dependencies
Result: ERROR Package required but not available: ‘GWASTools’ See section ‘The DESCRIPTION file’ in the ‘Writing R Extensions’ manual. Flavors: r-oldrel-macos-arm64, r-oldrel-macos-x86_64