CRAN Package Check Results for Package snplist

Last updated on 2025-01-19 05:49:21 CET.

Flavor Version Tinstall Tcheck Ttotal Status Flags
r-devel-linux-x86_64-debian-clang 0.18.2 22.41 180.46 202.87 NOTE
r-devel-linux-x86_64-debian-gcc 0.18.2 20.25 125.69 145.94 NOTE
r-devel-linux-x86_64-fedora-clang 0.18.2 327.87 OK
r-devel-linux-x86_64-fedora-gcc 0.18.2 322.30 OK
r-devel-windows-x86_64 0.18.2 31.00 188.00 219.00 NOTE
r-patched-linux-x86_64 0.18.2 27.38 165.70 193.08 OK
r-release-linux-x86_64 0.18.2 24.50 163.68 188.18 OK
r-release-macos-arm64 0.18.2 89.00 OK
r-release-macos-x86_64 0.18.2 142.00 WARN
r-release-windows-x86_64 0.18.2 31.00 178.00 209.00 OK
r-oldrel-macos-arm64 0.18.2 100.00 OK
r-oldrel-macos-x86_64 0.18.2 128.00 OK
r-oldrel-windows-x86_64 0.18.2 37.00 232.00 269.00 OK

Check Details

Version: 0.18.2
Check: Rd cross-references
Result: NOTE Found the following Rd file(s) with Rd \link{} targets missing package anchors: snplist-package.Rd: Rcpp Please provide package anchors for all Rd \link{} targets not in the package itself and the base packages. Flavors: r-devel-linux-x86_64-debian-clang, r-devel-linux-x86_64-debian-gcc, r-devel-windows-x86_64

Version: 0.18.2
Check: re-building of vignette outputs
Result: WARN Error(s) in re-building vignettes: ... --- re-building ‘snplist.Rnw’ using knitr Error: processing vignette 'snplist.Rnw' failed with diagnostics: Running 'texi2dvi' on 'snplist.tex' failed. LaTeX errors: ! Undefined control sequence. l.8 \hldef {genes} \hlkwb{<-} \hlkwd{c}\hldef{(}\hlsng{"BRCA1"}\hldef{,}\hlsn... ? ! Emergency stop. l.8 End of file on the terminal! ! ==> Fatal error occurred, no output PDF file produced! --- failed re-building ‘snplist.Rnw’ SUMMARY: processing the following file failed: ‘snplist.Rnw’ Error: Vignette re-building failed. Execution halted Flavor: r-release-macos-x86_64