Last updated on 2025-01-19 05:49:21 CET.
Flavor | Version | Tinstall | Tcheck | Ttotal | Status | Flags |
---|---|---|---|---|---|---|
r-devel-linux-x86_64-debian-clang | 0.1.0 | 7.35 | 79.95 | 87.30 | OK | |
r-devel-linux-x86_64-debian-gcc | 0.1.0 | 5.06 | 59.97 | 65.03 | OK | |
r-devel-linux-x86_64-fedora-clang | 0.1.0 | 140.52 | OK | |||
r-devel-linux-x86_64-fedora-gcc | 0.1.0 | 131.23 | OK | |||
r-devel-windows-x86_64 | 0.1.0 | 10.00 | 86.00 | 96.00 | OK | |
r-patched-linux-x86_64 | 0.1.0 | 7.26 | 76.19 | 83.45 | NOTE | |
r-release-linux-x86_64 | 0.1.0 | 6.73 | 75.78 | 82.51 | NOTE | |
r-release-macos-arm64 | 0.1.0 | 39.00 | NOTE | |||
r-release-macos-x86_64 | 0.1.0 | 60.00 | NOTE | |||
r-release-windows-x86_64 | 0.1.0 | 9.00 | 91.00 | 100.00 | NOTE | |
r-oldrel-macos-arm64 | 0.1.0 | 44.00 | NOTE | |||
r-oldrel-macos-x86_64 | 0.1.0 | 73.00 | NOTE | |||
r-oldrel-windows-x86_64 | 0.1.0 | 10.00 | 104.00 | 114.00 | NOTE |
Version: 0.1.0
Check: LazyData
Result: NOTE
'LazyData' is specified without a 'data' directory
Flavors: r-patched-linux-x86_64, r-release-linux-x86_64, r-release-macos-arm64, r-release-macos-x86_64, r-release-windows-x86_64, r-oldrel-macos-arm64, r-oldrel-macos-x86_64, r-oldrel-windows-x86_64