Last updated on 2025-01-19 05:49:21 CET.
Flavor | Version | Tinstall | Tcheck | Ttotal | Status | Flags |
---|---|---|---|---|---|---|
r-devel-linux-x86_64-debian-clang | 0.3.0 | 67.38 | 413.28 | 480.66 | OK | |
r-devel-linux-x86_64-debian-gcc | 0.3.0 | 42.78 | 275.88 | 318.66 | OK | |
r-devel-linux-x86_64-fedora-clang | 0.3.0 | 819.41 | OK | |||
r-devel-linux-x86_64-fedora-gcc | 0.3.0 | 765.69 | OK | |||
r-devel-windows-x86_64 | 0.3.0 | 42.00 | 332.00 | 374.00 | OK | |
r-patched-linux-x86_64 | 0.3.0 | 61.23 | 386.94 | 448.17 | OK | |
r-release-linux-x86_64 | 0.3.0 | 62.79 | 385.96 | 448.75 | OK | |
r-release-macos-arm64 | 0.3.0 | 249.00 | OK | |||
r-release-macos-x86_64 | 0.3.0 | 25.00 | ERROR | |||
r-release-windows-x86_64 | 0.3.0 | 45.00 | 353.00 | 398.00 | OK | |
r-oldrel-macos-arm64 | 0.3.0 | 165.00 | OK | |||
r-oldrel-macos-x86_64 | 0.3.0 | 26.00 | ERROR | |||
r-oldrel-windows-x86_64 | 0.3.0 | 43.00 | 431.00 | 474.00 | OK |
Version: 0.3.0
Check: whether package can be installed
Result: ERROR
Installation failed.
Flavors: r-release-macos-x86_64, r-oldrel-macos-x86_64