CRAN Package Check Results for Package solrad

Last updated on 2025-01-19 05:49:22 CET.

Flavor Version Tinstall Tcheck Ttotal Status Flags
r-devel-linux-x86_64-debian-clang 1.0.0 2.17 20.43 22.60 OK
r-devel-linux-x86_64-debian-gcc 1.0.0 1.66 15.86 17.52 OK
r-devel-linux-x86_64-fedora-clang 1.0.0 36.02 OK
r-devel-linux-x86_64-fedora-gcc 1.0.0 35.69 OK
r-devel-windows-x86_64 1.0.0 4.00 46.00 50.00 OK
r-patched-linux-x86_64 1.0.0 2.39 19.58 21.97 NOTE
r-release-linux-x86_64 1.0.0 2.08 19.62 21.70 NOTE
r-release-macos-arm64 1.0.0 14.00 NOTE
r-release-macos-x86_64 1.0.0 22.00 NOTE
r-release-windows-x86_64 1.0.0 4.00 46.00 50.00 NOTE
r-oldrel-macos-arm64 1.0.0 15.00 NOTE
r-oldrel-macos-x86_64 1.0.0 20.00 NOTE
r-oldrel-windows-x86_64 1.0.0 4.00 48.00 52.00 NOTE

Check Details

Version: 1.0.0
Check: LazyData
Result: NOTE 'LazyData' is specified without a 'data' directory Flavors: r-patched-linux-x86_64, r-release-linux-x86_64, r-release-macos-arm64, r-release-macos-x86_64, r-release-windows-x86_64, r-oldrel-macos-arm64, r-oldrel-macos-x86_64, r-oldrel-windows-x86_64