CRAN Package Check Results for Package solrium

Last updated on 2025-01-19 05:49:22 CET.

Flavor Version Tinstall Tcheck Ttotal Status Flags
r-devel-linux-x86_64-debian-clang 1.2.0 8.20 66.82 75.02 NOTE
r-devel-linux-x86_64-debian-gcc 1.2.0 5.20 46.15 51.35 NOTE
r-devel-linux-x86_64-fedora-clang 1.2.0 118.66 NOTE
r-devel-linux-x86_64-fedora-gcc 1.2.0 127.41 NOTE
r-devel-windows-x86_64 1.2.0 11.00 124.00 135.00 NOTE
r-patched-linux-x86_64 1.2.0 7.66 61.34 69.00 NOTE
r-release-linux-x86_64 1.2.0 7.86 60.82 68.68 NOTE
r-release-macos-arm64 1.2.0 46.00 NOTE
r-release-macos-x86_64 1.2.0 64.00 NOTE
r-release-windows-x86_64 1.2.0 10.00 123.00 133.00 NOTE
r-oldrel-macos-arm64 1.2.0 48.00 OK
r-oldrel-macos-x86_64 1.2.0 69.00 OK
r-oldrel-windows-x86_64 1.2.0 12.00 130.00 142.00 OK

Check Details

Version: 1.2.0
Check: Rd files
Result: NOTE checkRd: (-1) solr_mlt.Rd:70: Lost braces; missing escapes or markup? 70 | TermVector DEFAULT_FIELD_NAMES = new String[] {"contents"} | ^ Flavors: r-devel-linux-x86_64-debian-clang, r-devel-linux-x86_64-debian-gcc, r-devel-linux-x86_64-fedora-clang, r-devel-linux-x86_64-fedora-gcc, r-devel-windows-x86_64, r-patched-linux-x86_64, r-release-linux-x86_64, r-release-macos-arm64, r-release-macos-x86_64, r-release-windows-x86_64