CRAN Package Check Results for Package solrium

Last updated on 2020-07-10 12:48:41 CEST.

Flavor Version Tinstall Tcheck Ttotal Status Flags
r-devel-linux-x86_64-debian-clang 1.1.4 8.01 57.55 65.56 OK
r-devel-linux-x86_64-debian-gcc 1.1.4 7.42 44.91 52.33 OK
r-devel-linux-x86_64-fedora-clang 1.1.4 87.52 NOTE
r-devel-linux-x86_64-fedora-gcc 1.1.4 78.63 OK
r-devel-windows-ix86+x86_64 1.1.4 18.00 74.00 92.00 OK
r-patched-linux-x86_64 1.1.4 7.83 56.97 64.80 OK
r-patched-solaris-x86 1.1.4 113.40 OK
r-release-linux-x86_64 1.1.4 8.85 58.48 67.33 OK
r-release-osx-x86_64 1.1.4 OK
r-release-windows-ix86+x86_64 1.1.4 18.00 83.00 101.00 OK
r-oldrel-osx-x86_64 1.1.4 OK
r-oldrel-windows-ix86+x86_64 1.1.4 19.00 74.00 93.00 OK

Check Details

Version: 1.1.4
Check: Rd cross-references
Result: NOTE
    Undeclared package ‘XML’ in Rd xrefs
Flavor: r-devel-linux-x86_64-fedora-clang