Last updated on 2025-01-19 05:49:22 CET.
Flavor | Version | Tinstall | Tcheck | Ttotal | Status | Flags |
---|---|---|---|---|---|---|
r-devel-linux-x86_64-debian-clang | 4.3.6 | 91.87 | 145.81 | 237.68 | OK | --no-vignettes |
r-devel-linux-x86_64-debian-gcc | 4.3.6 | 60.87 | 101.77 | 162.64 | OK | --no-vignettes |
r-devel-linux-x86_64-fedora-clang | 4.3.6 | 639.02 | OK | |||
r-devel-linux-x86_64-fedora-gcc | 4.3.6 | 714.37 | OK | |||
r-devel-windows-x86_64 | 4.3.6 | 82.00 | 215.00 | 297.00 | OK | --no-vignettes |
r-patched-linux-x86_64 | 4.3.6 | 88.38 | 140.24 | 228.62 | OK | --no-vignettes |
r-release-linux-x86_64 | 4.3.6 | 83.51 | 143.16 | 226.67 | OK | --no-vignettes |
r-release-macos-arm64 | 4.3.6 | 213.00 | NOTE | |||
r-release-macos-x86_64 | 4.3.6 | 390.00 | NOTE | |||
r-release-windows-x86_64 | 4.3.6 | 82.00 | 0.00 | 82.00 | FAIL | --no-vignettes |
r-oldrel-macos-arm64 | 4.3.6 | 214.00 | NOTE | |||
r-oldrel-macos-x86_64 | 4.3.6 | 414.00 | NOTE | |||
r-oldrel-windows-x86_64 | 4.3.6 | 90.00 | 227.00 | 317.00 | NOTE | --no-vignettes |
Version: 4.3.6
Check: installed package size
Result: NOTE
installed size is 13.7Mb
sub-directories of 1Mb or more:
data 1.4Mb
doc 1.3Mb
libs 9.8Mb
Flavors: r-release-macos-arm64, r-release-macos-x86_64, r-oldrel-macos-arm64, r-oldrel-macos-x86_64
Version: 4.3.6
Flags: --no-vignettes
Check: installed package size
Result: NOTE
installed size is 5.5Mb
sub-directories of 1Mb or more:
data 1.3Mb
doc 1.3Mb
libs 1.7Mb
Flavors: r-release-windows-x86_64, r-oldrel-windows-x86_64
Version: 4.3.6
Flags: --no-vignettes
Check: PDF version of manual
Result: FAIL
Check process probably crashed or hung up for 20 minutes ... killed
Most likely this happened in the example checks (?),
if not, ignore the following last lines of example output:
> LL[1,3] <- -1
> LL
[,1] [,2] [,3] [,4] [,5] [,6] [,7] [,8] [,9] [,10] [,11] [,12]
[1,] 0 1 -1 0 0 0 0 0 0 0 0 0
>
> wald.test(b = m3$Beta$Estimate, Sigma = m3$VarBeta, L=LL)
Wald test:
----------
Chi-squared test:
X2 = 2.4, df = 1, P(> X2) = 0.12
>
>
>
>
> ### * <FOOTER>
> ###
> cleanEx()
> options(digits = 7L)
> base::cat("Time elapsed: ", proc.time() - base::get("ptime", pos = 'CheckExEnv'),"\n")
Time elapsed: 23.2 1.22 24.47 NA NA
> grDevices::dev.off()
null device
1
> ###
> ### Local variables: ***
> ### mode: outline-minor ***
> ### outline-regexp: "\\(> \\)?### [*]+" ***
> ### End: ***
> quit('no')
======== End of example output (where/before crash/hang up occured ?) ========
Flavor: r-release-windows-x86_64