Last updated on 2025-01-19 05:49:22 CET.
Flavor | Version | Tinstall | Tcheck | Ttotal | Status | Flags |
---|---|---|---|---|---|---|
r-devel-linux-x86_64-debian-clang | 1.2.4 | 9.19 | 52.89 | 62.08 | NOTE | |
r-devel-linux-x86_64-debian-gcc | 1.2.4 | 6.09 | 37.35 | 43.44 | NOTE | |
r-devel-linux-x86_64-fedora-clang | 1.2.4 | 99.03 | OK | |||
r-devel-linux-x86_64-fedora-gcc | 1.2.4 | 110.04 | OK | |||
r-devel-windows-x86_64 | 1.2.4 | 11.00 | 74.00 | 85.00 | NOTE | |
r-patched-linux-x86_64 | 1.2.4 | 13.45 | 49.50 | 62.95 | OK | |
r-release-linux-x86_64 | 1.2.4 | 8.38 | 49.80 | 58.18 | OK | |
r-release-macos-arm64 | 1.2.4 | 42.00 | OK | |||
r-release-macos-x86_64 | 1.2.4 | 69.00 | OK | |||
r-release-windows-x86_64 | 1.2.4 | 9.00 | 74.00 | 83.00 | OK | |
r-oldrel-macos-arm64 | 1.2.4 | 39.00 | OK | |||
r-oldrel-macos-x86_64 | 1.2.4 | 75.00 | OK | |||
r-oldrel-windows-x86_64 | 1.2.4 | 14.00 | 77.00 | 91.00 | OK |
Version: 1.2.4
Check: Rd cross-references
Result: NOTE
Found the following Rd file(s) with Rd \link{} targets missing package
anchors:
somsp.Rd: kohonen
somspa.Rd: kohonen, som
Please provide package anchors for all Rd \link{} targets not in the
package itself and the base packages.
Flavors: r-devel-linux-x86_64-debian-clang, r-devel-linux-x86_64-debian-gcc, r-devel-windows-x86_64