Last updated on 2024-04-21 13:55:46 CEST.
Flavor | Version | Tinstall | Tcheck | Ttotal | Status | Flags |
---|---|---|---|---|---|---|
r-devel-linux-x86_64-debian-clang | 2.1-7 | 3.21 | 117.56 | 120.77 | NOTE | |
r-devel-linux-x86_64-debian-gcc | 2.1-7 | 2.86 | 87.58 | 90.44 | NOTE | |
r-devel-linux-x86_64-fedora-clang | 2.1-7 | 119.89 | NOTE | |||
r-devel-linux-x86_64-fedora-gcc | 2.1-7 | 248.48 | NOTE | |||
r-prerel-macos-arm64 | 2.1-7 | 992.00 | NOTE | |||
r-prerel-windows-x86_64 | 2.1-7 | 5.00 | 154.00 | 159.00 | NOTE | |
r-patched-linux-x86_64 | 2.1-7 | 3.40 | 113.89 | 117.29 | NOTE | |
r-release-linux-x86_64 | 2.1-7 | 3.85 | 114.12 | 117.97 | OK | |
r-release-macos-arm64 | 2.1-7 | 1747.00 | OK | |||
r-release-macos-x86_64 | 2.1-7 | 302.00 | OK | |||
r-release-windows-x86_64 | 2.1-7 | 6.00 | 152.00 | 158.00 | OK | |
r-oldrel-macos-arm64 | 2.1-7 | 119.00 | OK | |||
r-oldrel-windows-x86_64 | 2.1-7 | 5.00 | 173.00 | 178.00 | OK |
Version: 2.1-7
Check: Rd files
Result: NOTE
checkRd: (-1) findFn.Rd:101-102: Lost braces in \itemize; \value handles \item{}{} directly
checkRd: (-1) findFn.Rd:103-109: Lost braces in \itemize; \value handles \item{}{} directly
checkRd: (-1) findFn.Rd:110-116: Lost braces in \itemize; \value handles \item{}{} directly
checkRd: (-1) findFn.Rd:117-120: Lost braces in \itemize; \value handles \item{}{} directly
checkRd: (-1) findFn.Rd:121-124: Lost braces in \itemize; \value handles \item{}{} directly
checkRd: (-1) findFn.Rd:125: Lost braces in \itemize; \value handles \item{}{} directly
checkRd: (-1) findFn.Rd:126-130: Lost braces in \itemize; \value handles \item{}{} directly
checkRd: (-1) findFn.Rd:131-133: Lost braces in \itemize; \value handles \item{}{} directly
checkRd: (-1) findFn.Rd:134-137: Lost braces in \itemize; \value handles \item{}{} directly
checkRd: (-1) findFn.Rd:144-150: Lost braces in \itemize; \value handles \item{}{} directly
checkRd: (-1) findFn.Rd:151-157: Lost braces in \itemize; \value handles \item{}{} directly
checkRd: (-1) findFn.Rd:158-161: Lost braces in \itemize; \value handles \item{}{} directly
checkRd: (-1) findFn.Rd:162: Lost braces in \itemize; \value handles \item{}{} directly
Flavors: r-devel-linux-x86_64-debian-clang, r-devel-linux-x86_64-debian-gcc, r-devel-linux-x86_64-fedora-clang, r-devel-linux-x86_64-fedora-gcc, r-prerel-macos-arm64, r-prerel-windows-x86_64, r-patched-linux-x86_64