Last updated on 2025-01-19 05:49:22 CET.
Flavor | Version | Tinstall | Tcheck | Ttotal | Status | Flags |
---|---|---|---|---|---|---|
r-devel-linux-x86_64-debian-clang | 1.3 | 164.24 | 83.28 | 247.52 | OK | |
r-devel-linux-x86_64-debian-gcc | 1.3 | 118.58 | 62.06 | 180.64 | OK | |
r-devel-linux-x86_64-fedora-clang | 1.3 | 479.92 | OK | |||
r-devel-linux-x86_64-fedora-gcc | 1.3 | 536.76 | OK | |||
r-devel-windows-x86_64 | 1.3 | 172.00 | 107.00 | 279.00 | OK | |
r-patched-linux-x86_64 | 1.3 | 163.56 | 78.59 | 242.15 | OK | |
r-release-linux-x86_64 | 1.3 | 162.00 | 78.07 | 240.07 | OK | |
r-release-macos-arm64 | 1.3 | 102.00 | NOTE | |||
r-release-macos-x86_64 | 1.3 | 153.00 | NOTE | |||
r-release-windows-x86_64 | 1.3 | 164.00 | 111.00 | 275.00 | OK | |
r-oldrel-macos-arm64 | 1.3 | 124.00 | NOTE | |||
r-oldrel-macos-x86_64 | 1.3 | 178.00 | NOTE | |||
r-oldrel-windows-x86_64 | 1.3 | 194.00 | 130.00 | 324.00 | OK |
Version: 1.3
Check: installed package size
Result: NOTE
installed size is 13.4Mb
sub-directories of 1Mb or more:
data 3.3Mb
libs 9.5Mb
Flavors: r-release-macos-arm64, r-release-macos-x86_64, r-oldrel-macos-arm64, r-oldrel-macos-x86_64