Last updated on 2025-01-19 05:49:22 CET.
Flavor | Version | Tinstall | Tcheck | Ttotal | Status | Flags |
---|---|---|---|---|---|---|
r-devel-linux-x86_64-debian-clang | 1.3 | 161.24 | 261.46 | 422.70 | OK | |
r-devel-linux-x86_64-debian-gcc | 1.3 | 111.91 | 177.77 | 289.68 | OK | |
r-devel-linux-x86_64-fedora-clang | 1.3 | 728.49 | OK | |||
r-devel-linux-x86_64-fedora-gcc | 1.3 | 785.96 | OK | |||
r-devel-windows-x86_64 | 1.3 | 167.00 | 282.00 | 449.00 | OK | |
r-patched-linux-x86_64 | 1.3 | 158.70 | 263.23 | 421.93 | OK | |
r-release-linux-x86_64 | 1.3 | 159.92 | 247.22 | 407.14 | OK | |
r-release-macos-arm64 | 1.3 | 233.00 | NOTE | |||
r-release-macos-x86_64 | 1.3 | 306.00 | NOTE | |||
r-release-windows-x86_64 | 1.3 | 163.00 | 289.00 | 452.00 | OK | |
r-oldrel-macos-arm64 | 1.3 | 267.00 | NOTE | |||
r-oldrel-macos-x86_64 | 1.3 | 366.00 | NOTE | |||
r-oldrel-windows-x86_64 | 1.3 | 193.00 | 373.00 | 566.00 | OK |
Version: 1.3
Check: installed package size
Result: NOTE
installed size is 8.8Mb
sub-directories of 1Mb or more:
libs 8.1Mb
Flavors: r-release-macos-arm64, r-release-macos-x86_64, r-oldrel-macos-arm64, r-oldrel-macos-x86_64