CRAN Package Check Results for Package spDates

Last updated on 2025-01-19 05:49:22 CET.

Flavor Version Tinstall Tcheck Ttotal Status Flags
r-devel-linux-x86_64-debian-clang 1.1 12.76 103.82 116.58 OK
r-devel-linux-x86_64-debian-gcc 1.1 11.15 75.92 87.07 OK
r-devel-linux-x86_64-fedora-clang 1.1 198.00 OK
r-devel-linux-x86_64-fedora-gcc 1.1 184.88 OK
r-devel-windows-x86_64 1.1 14.00 106.00 120.00 OK
r-patched-linux-x86_64 1.1 11.23 97.02 108.25 OK
r-release-linux-x86_64 1.1 12.97 96.68 109.65 OK
r-release-macos-arm64 1.1 46.00 NOTE
r-release-macos-x86_64 1.1 81.00 NOTE
r-release-windows-x86_64 1.1 14.00 116.00 130.00 NOTE
r-oldrel-macos-arm64 1.1 59.00 NOTE
r-oldrel-macos-x86_64 1.1 92.00 NOTE
r-oldrel-windows-x86_64 1.1 14.00 133.00 147.00 NOTE

Check Details

Version: 1.1
Check: installed package size
Result: NOTE installed size is 5.9Mb sub-directories of 1Mb or more: data 4.3Mb help 1.5Mb Flavors: r-release-macos-arm64, r-release-macos-x86_64, r-release-windows-x86_64, r-oldrel-macos-arm64, r-oldrel-macos-x86_64, r-oldrel-windows-x86_64