Last updated on 2025-01-19 05:49:22 CET.
Flavor | Version | Tinstall | Tcheck | Ttotal | Status | Flags |
---|---|---|---|---|---|---|
r-devel-linux-x86_64-debian-clang | 1.2 | 55.72 | 194.74 | 250.46 | OK | |
r-devel-linux-x86_64-debian-gcc | 1.2 | 39.53 | 117.26 | 156.79 | OK | |
r-devel-linux-x86_64-fedora-clang | 1.2 | 432.65 | OK | |||
r-devel-linux-x86_64-fedora-gcc | 1.2 | 414.27 | OK | |||
r-devel-windows-x86_64 | 1.2 | 45.00 | 159.00 | 204.00 | OK | |
r-patched-linux-x86_64 | 1.2 | 53.54 | 179.58 | 233.12 | OK | |
r-release-linux-x86_64 | 1.2 | 54.50 | 177.81 | 232.31 | OK | |
r-release-macos-arm64 | 1.2 | 96.00 | NOTE | |||
r-release-macos-x86_64 | 1.2 | 166.00 | NOTE | |||
r-release-windows-x86_64 | 1.2 | 54.00 | 162.00 | 216.00 | OK | |
r-oldrel-macos-arm64 | 1.2 | 91.00 | NOTE | |||
r-oldrel-macos-x86_64 | 1.2 | 209.00 | NOTE | |||
r-oldrel-windows-x86_64 | 1.2 | 52.00 | 190.00 | 242.00 | OK |
Version: 1.2
Check: installed package size
Result: NOTE
installed size is 5.2Mb
sub-directories of 1Mb or more:
extdata 1.1Mb
libs 3.9Mb
Flavors: r-release-macos-arm64, r-release-macos-x86_64, r-oldrel-macos-arm64, r-oldrel-macos-x86_64