Last updated on 2025-01-19 05:49:22 CET.
Flavor | Version | Tinstall | Tcheck | Ttotal | Status | Flags |
---|---|---|---|---|---|---|
r-devel-linux-x86_64-debian-clang | 4.5.0 | 167.74 | 325.89 | 493.63 | NOTE | |
r-devel-linux-x86_64-debian-gcc | 4.5.0 | 127.96 | 211.69 | 339.65 | NOTE | |
r-devel-linux-x86_64-fedora-clang | 4.5.0 | 828.59 | NOTE | |||
r-devel-linux-x86_64-fedora-gcc | 4.5.0 | 795.96 | NOTE | |||
r-devel-windows-x86_64 | 4.5.0 | 161.00 | 302.00 | 463.00 | NOTE | |
r-patched-linux-x86_64 | 4.5.0 | 177.33 | 314.46 | 491.79 | OK | |
r-release-linux-x86_64 | 4.5.0 | 180.01 | 311.81 | 491.82 | OK | |
r-release-macos-arm64 | 4.5.0 | 187.00 | NOTE | |||
r-release-macos-x86_64 | 4.5.0 | 468.00 | NOTE | |||
r-release-windows-x86_64 | 4.5.0 | 159.00 | 308.00 | 467.00 | NOTE | |
r-oldrel-macos-arm64 | 4.5.0 | 205.00 | NOTE | |||
r-oldrel-macos-x86_64 | 4.5.0 | 371.00 | NOTE | |||
r-oldrel-windows-x86_64 | 4.5.0 | 193.00 | 422.00 | 615.00 | NOTE |
Version: 4.5.0
Check: Rd cross-references
Result: NOTE
Found the following Rd file(s) with Rd \link{} targets missing package
anchors:
corMatern.Rd: glmmPQL, lme
spaMM_boot.Rd: boot
Please provide package anchors for all Rd \link{} targets not in the
package itself and the base packages.
Flavors: r-devel-linux-x86_64-debian-clang, r-devel-linux-x86_64-debian-gcc, r-devel-windows-x86_64
Version: 4.5.0
Check: compiled code
Result: NOTE
File ‘spaMM/libs/spaMM.so’:
Found non-API call to R: ‘PRVALUE’
Compiled code should not call non-API entry points in R.
See ‘Writing portable packages’ in the ‘Writing R Extensions’ manual,
and section ‘Moving into C API compliance’ for issues with the use of
non-API entry points.
Flavors: r-devel-linux-x86_64-debian-clang, r-devel-linux-x86_64-debian-gcc, r-devel-linux-x86_64-fedora-clang, r-devel-linux-x86_64-fedora-gcc
Version: 4.5.0
Check: compiled code
Result: NOTE
File 'spaMM/libs/x64/spaMM.dll':
Found non-API call to R: 'PRVALUE'
Compiled code should not call non-API entry points in R.
See 'Writing portable packages' in the 'Writing R Extensions' manual,
and section 'Moving into C API compliance' for issues with the use of
non-API entry points.
Flavor: r-devel-windows-x86_64
Version: 4.5.0
Check: installed package size
Result: NOTE
installed size is 39.1Mb
sub-directories of 1Mb or more:
R 3.1Mb
libs 34.7Mb
Flavors: r-release-macos-arm64, r-release-macos-x86_64, r-release-windows-x86_64, r-oldrel-macos-arm64, r-oldrel-macos-x86_64, r-oldrel-windows-x86_64