CRAN Package Check Results for Package spacey

Last updated on 2020-10-26 11:51:17 CET.

Flavor Version Tinstall Tcheck Ttotal Status Flags
r-devel-linux-x86_64-debian-clang 0.1.1 3.13 52.91 56.04 OK
r-devel-linux-x86_64-debian-gcc 0.1.1 2.63 39.52 42.15 OK
r-devel-linux-x86_64-fedora-clang 0.1.1 73.17 NOTE
r-devel-linux-x86_64-fedora-gcc 0.1.1 62.83 NOTE
r-devel-windows-ix86+x86_64 0.1.1 7.00 75.00 82.00 OK
r-patched-linux-x86_64 0.1.1 3.20 49.41 52.61 OK
r-patched-solaris-x86 0.1.1 126.40 NOTE
r-release-linux-x86_64 0.1.1 3.07 49.26 52.33 OK
r-release-macos-x86_64 0.1.1 NOTE
r-release-windows-ix86+x86_64 0.1.1 5.00 64.00 69.00 OK
r-oldrel-macos-x86_64 0.1.1 NOTE
r-oldrel-windows-ix86+x86_64 0.1.1 5.00 86.00 91.00 OK

Check Details

Version: 0.1.1
Check: dependencies in R code
Result: NOTE
    Namespace in Imports field not imported from: ‘rgdal’
     All declared Imports should be used.
Flavors: r-devel-linux-x86_64-fedora-clang, r-devel-linux-x86_64-fedora-gcc, r-patched-solaris-x86, r-release-macos-x86_64, r-oldrel-macos-x86_64