Last updated on 2024-04-21 13:55:46 CEST.
Flavor | Version | Tinstall | Tcheck | Ttotal | Status | Flags |
---|---|---|---|---|---|---|
r-devel-linux-x86_64-debian-clang | 1.3.0 | 3.29 | 45.00 | 48.29 | OK | |
r-devel-linux-x86_64-debian-gcc | 1.3.0 | 3.49 | 33.87 | 37.36 | OK | |
r-devel-linux-x86_64-fedora-clang | 1.3.0 | 67.34 | NOTE | |||
r-devel-linux-x86_64-fedora-gcc | 1.3.0 | 79.05 | NOTE | |||
r-prerel-macos-arm64 | 1.3.0 | 27.00 | OK | |||
r-prerel-windows-x86_64 | 1.3.0 | 4.00 | 56.00 | 60.00 | OK | |
r-patched-linux-x86_64 | 1.3.0 | 4.53 | 43.34 | 47.87 | OK | |
r-release-linux-x86_64 | 1.3.0 | 4.13 | 41.90 | 46.03 | OK | |
r-release-macos-arm64 | 1.3.0 | 32.00 | OK | |||
r-release-macos-x86_64 | 1.3.0 | 62.00 | OK | |||
r-release-windows-x86_64 | 1.3.0 | 6.00 | 58.00 | 64.00 | OK | |
r-oldrel-macos-arm64 | 1.3.0 | 28.00 | OK | |||
r-oldrel-windows-x86_64 | 1.3.0 | 8.00 | 65.00 | 73.00 | OK |
Version: 1.3.0
Check: data for non-ASCII characters
Result: NOTE
Note: found 1 marked UTF-8 string
Flavors: r-devel-linux-x86_64-fedora-clang, r-devel-linux-x86_64-fedora-gcc