CRAN Package Check Results for Package spaero

Last updated on 2018-06-24 12:46:56 CEST.

Flavor Version Tinstall Tcheck Ttotal Status Flags
r-devel-linux-x86_64-debian-clang 0.2.0 1.40 58.33 59.73 NOTE
r-devel-linux-x86_64-debian-gcc 0.2.0 1.24 41.40 42.64 NOTE
r-devel-linux-x86_64-fedora-clang 0.2.0 72.31 NOTE
r-devel-linux-x86_64-fedora-gcc 0.2.0 65.17 NOTE
r-devel-windows-ix86+x86_64 0.2.0 11.00 93.00 104.00 OK
r-patched-linux-x86_64 0.2.0 1.55 50.48 52.03 NOTE
r-patched-solaris-x86 0.2.0 100.50 OK
r-release-linux-x86_64 0.2.0 1.60 50.44 52.04 NOTE
r-release-windows-ix86+x86_64 0.2.0 7.00 118.00 125.00 OK
r-release-osx-x86_64 0.2.0 OK
r-oldrel-windows-ix86+x86_64 0.2.0 7.00 85.00 92.00 OK
r-oldrel-osx-x86_64 0.2.0 OK

Check Details

Version: 0.2.0
Check: compiled code
Result: NOTE
    File ‘spaero/libs/spaero.so’:
     Found no calls to: ‘R_registerRoutines’, ‘R_useDynamicSymbols’
    
    It is good practice to register native routines and to disable symbol
    search.
    
    See ‘Writing portable packages’ in the ‘Writing R Extensions’ manual.
Flavors: r-devel-linux-x86_64-debian-clang, r-devel-linux-x86_64-debian-gcc, r-devel-linux-x86_64-fedora-clang, r-devel-linux-x86_64-fedora-gcc, r-patched-linux-x86_64, r-release-linux-x86_64