CRAN Package Check Results for Package spaero

Last updated on 2018-01-16 12:47:23 CET.

Flavor Version Tinstall Tcheck Ttotal Status Flags
r-devel-linux-x86_64-debian-clang 0.2.0 1.25 62.45 63.70 NOTE
r-devel-linux-x86_64-debian-gcc 0.2.0 0.97 42.46 43.43 NOTE
r-devel-linux-x86_64-fedora-clang 0.2.0 72.44 NOTE
r-devel-linux-x86_64-fedora-gcc 0.2.0 69.00 NOTE
r-devel-windows-ix86+x86_64 0.2.0 9.00 90.00 99.00 OK
r-patched-linux-x86_64 0.2.0 1.13 57.44 58.57 NOTE
r-patched-solaris-x86 0.2.0 108.70 OK
r-release-linux-x86_64 0.2.0 1.05 56.75 57.80 NOTE
r-release-windows-ix86+x86_64 0.2.0 6.00 118.00 124.00 OK
r-release-osx-x86_64 0.2.0 OK
r-oldrel-windows-ix86+x86_64 0.2.0 9.00 104.00 113.00 OK
r-oldrel-osx-x86_64 0.2.0 OK

Check Details

Version: 0.2.0
Check: compiled code
Result: NOTE
    File ‘spaero/libs/spaero.so’:
     Found no calls to: ‘R_registerRoutines’, ‘R_useDynamicSymbols’
    
    It is good practice to register native routines and to disable symbol
    search.
    
    See ‘Writing portable packages’ in the ‘Writing R Extensions’ manual.
Flavors: r-devel-linux-x86_64-debian-clang, r-devel-linux-x86_64-debian-gcc, r-devel-linux-x86_64-fedora-clang, r-devel-linux-x86_64-fedora-gcc, r-patched-linux-x86_64, r-release-linux-x86_64