CRAN Package Check Results for Package sparkavro

Last updated on 2025-01-19 05:49:22 CET.

Flavor Version Tinstall Tcheck Ttotal Status Flags
r-devel-linux-x86_64-debian-clang 0.3.0 5.75 51.61 57.36 OK
r-devel-linux-x86_64-debian-gcc 0.3.0 4.60 37.04 41.64 OK
r-devel-linux-x86_64-fedora-clang 0.3.0 97.41 OK
r-devel-linux-x86_64-fedora-gcc 0.3.0 87.35 OK
r-devel-windows-x86_64 0.3.0 7.00 70.00 77.00 OK
r-patched-linux-x86_64 0.3.0 5.17 49.34 54.51 NOTE
r-release-linux-x86_64 0.3.0 5.66 48.83 54.49 NOTE
r-release-macos-arm64 0.3.0 29.00 NOTE
r-release-macos-x86_64 0.3.0 42.00 NOTE
r-release-windows-x86_64 0.3.0 6.00 70.00 76.00 NOTE
r-oldrel-macos-arm64 0.3.0 32.00 NOTE
r-oldrel-macos-x86_64 0.3.0 51.00 NOTE
r-oldrel-windows-x86_64 0.3.0 9.00 80.00 89.00 NOTE

Check Details

Version: 0.3.0
Check: LazyData
Result: NOTE 'LazyData' is specified without a 'data' directory Flavors: r-patched-linux-x86_64, r-release-linux-x86_64, r-release-macos-arm64, r-release-macos-x86_64, r-release-windows-x86_64, r-oldrel-macos-arm64, r-oldrel-macos-x86_64, r-oldrel-windows-x86_64