Last updated on 2024-03-28 14:48:43 CET.
Flavor | Version | Tinstall | Tcheck | Ttotal | Status | Flags |
---|---|---|---|---|---|---|
r-devel-linux-x86_64-debian-clang | 0.3.0 | 7.59 | 67.31 | 74.90 | NOTE | |
r-devel-linux-x86_64-debian-gcc | 0.3.0 | 5.48 | 48.94 | 54.42 | NOTE | |
r-devel-linux-x86_64-fedora-clang | 0.3.0 | 97.38 | NOTE | |||
r-devel-linux-x86_64-fedora-gcc | 0.3.0 | 90.50 | NOTE | |||
r-devel-windows-x86_64 | 0.3.0 | 7.00 | 72.00 | 79.00 | NOTE | |
r-patched-linux-x86_64 | 0.3.0 | 5.38 | 62.04 | 67.42 | NOTE | |
r-release-linux-x86_64 | 0.3.0 | 4.48 | 64.21 | 68.69 | NOTE | |
r-release-macos-arm64 | 0.3.0 | 32.00 | NOTE | |||
r-release-macos-x86_64 | 0.3.0 | 51.00 | NOTE | |||
r-release-windows-x86_64 | 0.3.0 | 10.00 | 78.00 | 88.00 | NOTE | |
r-oldrel-macos-arm64 | 0.3.0 | 28.00 | NOTE | |||
r-oldrel-windows-x86_64 | 0.3.0 | 9.00 | 85.00 | 94.00 | NOTE |
Version: 0.3.0
Check: LazyData
Result: NOTE
'LazyData' is specified without a 'data' directory
Flavors: r-devel-linux-x86_64-debian-clang, r-devel-linux-x86_64-debian-gcc, r-devel-linux-x86_64-fedora-clang, r-devel-linux-x86_64-fedora-gcc, r-devel-windows-x86_64, r-patched-linux-x86_64, r-release-linux-x86_64, r-release-macos-arm64, r-release-macos-x86_64, r-release-windows-x86_64, r-oldrel-macos-arm64, r-oldrel-windows-x86_64