Last updated on 2025-01-19 05:49:22 CET.
Flavor | Version | Tinstall | Tcheck | Ttotal | Status | Flags |
---|---|---|---|---|---|---|
r-devel-linux-x86_64-debian-clang | 0.1.1 | 5.77 | 48.84 | 54.61 | OK | |
r-devel-linux-x86_64-debian-gcc | 0.1.1 | 4.67 | 34.65 | 39.32 | OK | |
r-devel-linux-x86_64-fedora-clang | 0.1.1 | 93.71 | OK | |||
r-devel-linux-x86_64-fedora-gcc | 0.1.1 | 83.46 | OK | |||
r-devel-windows-x86_64 | 0.1.1 | 7.00 | 64.00 | 71.00 | OK | |
r-patched-linux-x86_64 | 0.1.1 | 5.33 | 45.43 | 50.76 | NOTE | |
r-release-linux-x86_64 | 0.1.1 | 5.44 | 46.31 | 51.75 | NOTE | |
r-release-macos-arm64 | 0.1.1 | 27.00 | NOTE | |||
r-release-macos-x86_64 | 0.1.1 | 40.00 | NOTE | |||
r-release-windows-x86_64 | 0.1.1 | 8.00 | 74.00 | 82.00 | NOTE | |
r-oldrel-macos-arm64 | 0.1.1 | 29.00 | NOTE | |||
r-oldrel-macos-x86_64 | 0.1.1 | 48.00 | NOTE | |||
r-oldrel-windows-x86_64 | 0.1.1 | 10.00 | 73.00 | 83.00 | NOTE |
Version: 0.1.1
Check: LazyData
Result: NOTE
'LazyData' is specified without a 'data' directory
Flavors: r-patched-linux-x86_64, r-release-linux-x86_64, r-release-macos-arm64, r-release-macos-x86_64, r-release-windows-x86_64, r-oldrel-macos-arm64, r-oldrel-macos-x86_64, r-oldrel-windows-x86_64