Last updated on 2025-01-19 05:49:22 CET.
Flavor | Version | Tinstall | Tcheck | Ttotal | Status | Flags |
---|---|---|---|---|---|---|
r-devel-linux-x86_64-debian-clang | 0.1.1 | 6.66 | 53.25 | 59.91 | OK | |
r-devel-linux-x86_64-debian-gcc | 0.1.1 | 4.34 | 38.08 | 42.42 | OK | |
r-devel-linux-x86_64-fedora-clang | 0.1.1 | 99.43 | OK | |||
r-devel-linux-x86_64-fedora-gcc | 0.1.1 | 88.56 | OK | |||
r-devel-windows-x86_64 | 0.1.1 | 7.00 | 67.00 | 74.00 | OK | |
r-patched-linux-x86_64 | 0.1.1 | 5.00 | 49.14 | 54.14 | NOTE | |
r-release-linux-x86_64 | 0.1.1 | 5.75 | 49.55 | 55.30 | NOTE | |
r-release-macos-arm64 | 0.1.1 | 28.00 | NOTE | |||
r-release-macos-x86_64 | 0.1.1 | 43.00 | NOTE | |||
r-release-windows-x86_64 | 0.1.1 | 7.00 | 66.00 | 73.00 | NOTE | |
r-oldrel-macos-arm64 | 0.1.1 | 35.00 | NOTE | |||
r-oldrel-macos-x86_64 | 0.1.1 | 51.00 | NOTE | |||
r-oldrel-windows-x86_64 | 0.1.1 | 10.00 | 77.00 | 87.00 | NOTE |
Version: 0.1.1
Check: LazyData
Result: NOTE
'LazyData' is specified without a 'data' directory
Flavors: r-patched-linux-x86_64, r-release-linux-x86_64, r-release-macos-arm64, r-release-macos-x86_64, r-release-windows-x86_64, r-oldrel-macos-arm64, r-oldrel-macos-x86_64, r-oldrel-windows-x86_64