Last updated on 2024-04-17 13:57:44 CEST.
Flavor | Version | Tinstall | Tcheck | Ttotal | Status | Flags |
---|---|---|---|---|---|---|
r-devel-linux-x86_64-debian-clang | 1.8.5 | 31.18 | 210.49 | 241.67 | OK | |
r-devel-linux-x86_64-debian-gcc | 1.8.5 | 25.29 | 147.39 | 172.68 | OK | |
r-devel-linux-x86_64-fedora-clang | 1.8.5 | 306.44 | NOTE | |||
r-devel-linux-x86_64-fedora-gcc | 1.8.5 | 287.59 | OK | |||
r-prerel-macos-arm64 | 1.8.5 | 75.00 | NOTE | |||
r-prerel-macos-x86_64 | 1.8.5 | 174.00 | NOTE | |||
r-prerel-windows-x86_64 | 1.8.5 | 30.00 | 193.00 | 223.00 | OK | |
r-patched-linux-x86_64 | 1.8.5 | 39.43 | 192.22 | 231.65 | OK | |
r-release-linux-x86_64 | 1.8.5 | 24.38 | 202.44 | 226.82 | OK | |
r-release-macos-arm64 | 1.8.5 | 71.00 | NOTE | |||
r-release-macos-x86_64 | 1.8.5 | 177.00 | NOTE | |||
r-release-windows-x86_64 | 1.8.5 | 43.00 | 236.00 | 279.00 | OK | |
r-oldrel-macos-arm64 | 1.8.5 | 70.00 | NOTE | |||
r-oldrel-windows-x86_64 | 1.8.5 | 45.00 | 176.00 | 221.00 | OK |
Version: 1.8.5
Check: Rd cross-references
Result: NOTE
Undeclared package ‘tibble’ in Rd xrefs
Flavor: r-devel-linux-x86_64-fedora-clang
Version: 1.8.5
Check: installed package size
Result: NOTE
installed size is 5.1Mb
sub-directories of 1Mb or more:
R 2.1Mb
java 1.8Mb
Flavors: r-prerel-macos-arm64, r-prerel-macos-x86_64, r-release-macos-arm64, r-release-macos-x86_64, r-oldrel-macos-arm64