CRAN Package Check Results for Package sparktf

Last updated on 2025-01-19 05:49:22 CET.

Flavor Version Tinstall Tcheck Ttotal Status Flags
r-devel-linux-x86_64-debian-clang 0.1.0 6.15 51.71 57.86 OK
r-devel-linux-x86_64-debian-gcc 0.1.0 4.67 36.77 41.44 OK
r-devel-linux-x86_64-fedora-clang 0.1.0 98.15 OK
r-devel-linux-x86_64-fedora-gcc 0.1.0 86.41 OK
r-devel-windows-x86_64 0.1.0 7.00 69.00 76.00 OK
r-patched-linux-x86_64 0.1.0 4.77 48.33 53.10 NOTE
r-release-linux-x86_64 0.1.0 5.66 48.22 53.88 NOTE
r-release-macos-arm64 0.1.0 28.00 NOTE
r-release-macos-x86_64 0.1.0 44.00 NOTE
r-release-windows-x86_64 0.1.0 6.00 69.00 75.00 NOTE
r-oldrel-macos-arm64 0.1.0 31.00 NOTE
r-oldrel-macos-x86_64 0.1.0 56.00 NOTE
r-oldrel-windows-x86_64 0.1.0 8.00 79.00 87.00 NOTE

Check Details

Version: 0.1.0
Check: LazyData
Result: NOTE 'LazyData' is specified without a 'data' directory Flavors: r-patched-linux-x86_64, r-release-linux-x86_64, r-release-macos-arm64, r-release-macos-x86_64, r-release-windows-x86_64, r-oldrel-macos-arm64, r-oldrel-macos-x86_64, r-oldrel-windows-x86_64