CRAN Package Check Results for Package sparkwarc

Last updated on 2025-01-19 05:49:22 CET.

Flavor Version Tinstall Tcheck Ttotal Status Flags
r-devel-linux-x86_64-debian-clang 0.1.6 13.64 52.73 66.37 NOTE
r-devel-linux-x86_64-debian-gcc 0.1.6 10.57 37.22 47.79 NOTE
r-devel-linux-x86_64-fedora-clang 0.1.6 120.16 NOTE
r-devel-linux-x86_64-fedora-gcc 0.1.6 107.07 NOTE
r-devel-windows-x86_64 0.1.6 18.00 84.00 102.00 NOTE
r-patched-linux-x86_64 0.1.6 12.82 49.45 62.27 NOTE
r-release-linux-x86_64 0.1.6 13.40 49.04 62.44 NOTE
r-release-macos-arm64 0.1.6 33.00 NOTE
r-release-macos-x86_64 0.1.6 50.00 NOTE
r-release-windows-x86_64 0.1.6 16.00 83.00 99.00 NOTE
r-oldrel-macos-arm64 0.1.6 36.00 NOTE
r-oldrel-macos-x86_64 0.1.6 71.00 NOTE
r-oldrel-windows-x86_64 0.1.6 22.00 99.00 121.00 NOTE

Check Details

Version: 0.1.6
Check: C++ specification
Result: NOTE Specified C++11: please drop specification unless essential Flavors: r-devel-linux-x86_64-debian-clang, r-devel-linux-x86_64-debian-gcc, r-devel-linux-x86_64-fedora-clang, r-devel-linux-x86_64-fedora-gcc, r-devel-windows-x86_64, r-patched-linux-x86_64, r-release-linux-x86_64, r-release-macos-arm64, r-release-macos-x86_64, r-release-windows-x86_64, r-oldrel-macos-arm64, r-oldrel-macos-x86_64, r-oldrel-windows-x86_64