Last updated on 2025-01-19 05:49:22 CET.
Flavor | Version | Tinstall | Tcheck | Ttotal | Status | Flags |
---|---|---|---|---|---|---|
r-devel-linux-x86_64-debian-clang | 0.2.0 | 7.16 | 53.60 | 60.76 | NOTE | |
r-devel-linux-x86_64-debian-gcc | 0.2.0 | 4.94 | 36.57 | 41.51 | NOTE | |
r-devel-linux-x86_64-fedora-clang | 0.2.0 | 99.66 | OK | |||
r-devel-linux-x86_64-fedora-gcc | 0.2.0 | 87.67 | OK | |||
r-devel-windows-x86_64 | 0.2.0 | 8.00 | 64.00 | 72.00 | NOTE | |
r-patched-linux-x86_64 | 0.2.0 | 12.36 | 47.92 | 60.28 | OK | |
r-release-linux-x86_64 | 0.2.0 | 6.07 | 47.75 | 53.82 | OK | |
r-release-macos-arm64 | 0.2.0 | 29.00 | OK | |||
r-release-macos-x86_64 | 0.2.0 | 45.00 | OK | |||
r-release-windows-x86_64 | 0.2.0 | 7.00 | 63.00 | 70.00 | OK | |
r-oldrel-macos-arm64 | 0.2.0 | 36.00 | OK | |||
r-oldrel-macos-x86_64 | 0.2.0 | 54.00 | OK | |||
r-oldrel-windows-x86_64 | 0.2.0 | 10.00 | 73.00 | 83.00 | OK |
Version: 0.2.0
Check: Rd cross-references
Result: NOTE
Found the following Rd file(s) with Rd \link{} targets missing package
anchors:
xgboost_classifier.Rd: ft_r_formula
xgboost_regressor.Rd: ft_r_formula, ml_save
Please provide package anchors for all Rd \link{} targets not in the
package itself and the base packages.
Flavors: r-devel-linux-x86_64-debian-clang, r-devel-linux-x86_64-debian-gcc, r-devel-windows-x86_64