CRAN Package Check Results for Package sparrpowR

Last updated on 2025-01-19 05:49:22 CET.

Flavor Version Tinstall Tcheck Ttotal Status Flags
r-devel-linux-x86_64-debian-clang 0.2.8 37.93 349.74 387.67 NOTE
r-devel-linux-x86_64-debian-gcc 0.2.8 27.71 249.00 276.71 NOTE
r-devel-linux-x86_64-fedora-clang 0.2.8 684.98 OK
r-devel-linux-x86_64-fedora-gcc 0.2.8 664.58 OK
r-devel-windows-x86_64 0.2.8 25.00 254.00 279.00 NOTE
r-patched-linux-x86_64 0.2.8 45.55 331.19 376.74 OK
r-release-linux-x86_64 0.2.8 35.94 330.94 366.88 OK
r-release-macos-arm64 0.2.8 290.00 OK
r-release-macos-x86_64 0.2.8 286.00 OK
r-release-windows-x86_64 0.2.8 27.00 253.00 280.00 OK
r-oldrel-macos-arm64 0.2.8 141.00 OK
r-oldrel-macos-x86_64 0.2.8 357.00 OK
r-oldrel-windows-x86_64 0.2.8 33.00 329.00 362.00 OK

Check Details

Version: 0.2.8
Check: Rd cross-references
Result: NOTE Found the following Rd file(s) with Rd \link{} targets missing package anchors: sparrpowR-package.Rd: sparr, spatstat.random, spatstat.geom, terra, doFuture, doRNG spatial_data.Rd: spatstat.random spatial_power.Rd: spatstat.random Please provide package anchors for all Rd \link{} targets not in the package itself and the base packages. Flavors: r-devel-linux-x86_64-debian-clang, r-devel-linux-x86_64-debian-gcc, r-devel-windows-x86_64