Last updated on 2025-01-19 05:49:22 CET.
Flavor | Version | Tinstall | Tcheck | Ttotal | Status | Flags |
---|---|---|---|---|---|---|
r-devel-linux-x86_64-debian-clang | 1.0 | 69.16 | 301.95 | 371.11 | OK | |
r-devel-linux-x86_64-debian-gcc | 1.0 | 47.48 | 206.54 | 254.02 | OK | |
r-devel-linux-x86_64-fedora-clang | 1.0 | 588.66 | OK | |||
r-devel-linux-x86_64-fedora-gcc | 1.0 | 615.63 | OK | |||
r-devel-windows-x86_64 | 1.0 | 72.00 | 387.00 | 459.00 | OK | |
r-patched-linux-x86_64 | 1.0 | 66.78 | 304.11 | 370.89 | OK | |
r-release-linux-x86_64 | 1.0 | 69.70 | 309.67 | 379.37 | OK | |
r-release-macos-arm64 | 1.0 | 192.00 | OK | |||
r-release-macos-x86_64 | 1.0 | 306.00 | NOTE | |||
r-release-windows-x86_64 | 1.0 | 73.00 | 404.00 | 477.00 | OK | |
r-oldrel-macos-arm64 | 1.0 | 217.00 | NOTE | |||
r-oldrel-macos-x86_64 | 1.0 | 391.00 | NOTE | |||
r-oldrel-windows-x86_64 | 1.0 | 82.00 | 491.00 | 573.00 | OK |
Version: 1.0
Check: installed package size
Result: NOTE
installed size is 5.1Mb
sub-directories of 1Mb or more:
libs 4.2Mb
Flavors: r-release-macos-x86_64, r-oldrel-macos-arm64, r-oldrel-macos-x86_64