CRAN Package Check Results for Package sparsepca

Last updated on 2025-01-19 05:49:22 CET.

Flavor Version Tinstall Tcheck Ttotal Status Flags
r-devel-linux-x86_64-debian-clang 0.1.2 7.10 52.25 59.35 OK
r-devel-linux-x86_64-debian-gcc 0.1.2 4.67 38.80 43.47 OK
r-devel-linux-x86_64-fedora-clang 0.1.2 91.07 OK
r-devel-linux-x86_64-fedora-gcc 0.1.2 86.97 OK
r-devel-windows-x86_64 0.1.2 7.00 65.00 72.00 OK
r-patched-linux-x86_64 0.1.2 6.14 48.91 55.05 NOTE
r-release-linux-x86_64 0.1.2 6.26 48.80 55.06 NOTE
r-release-macos-arm64 0.1.2 32.00 NOTE
r-release-macos-x86_64 0.1.2 41.00 NOTE
r-release-windows-x86_64 0.1.2 6.00 73.00 79.00 NOTE
r-oldrel-macos-arm64 0.1.2 33.00 NOTE
r-oldrel-macos-x86_64 0.1.2 48.00 NOTE
r-oldrel-windows-x86_64 0.1.2 7.00 74.00 81.00 NOTE

Check Details

Version: 0.1.2
Check: LazyData
Result: NOTE 'LazyData' is specified without a 'data' directory Flavors: r-patched-linux-x86_64, r-release-linux-x86_64, r-release-macos-arm64, r-release-macos-x86_64, r-release-windows-x86_64, r-oldrel-macos-arm64, r-oldrel-macos-x86_64, r-oldrel-windows-x86_64