CRAN Package Check Results for Package spatialrisk

Last updated on 2019-10-22 12:48:18 CEST.

Flavor Version Tinstall Tcheck Ttotal Status Flags
r-devel-linux-x86_64-debian-clang 0.6.3 32.52 125.27 157.79 OK
r-devel-linux-x86_64-debian-gcc 0.6.3 26.58 96.30 122.88 OK
r-devel-linux-x86_64-fedora-clang 0.6.3 192.94 NOTE
r-devel-linux-x86_64-fedora-gcc 0.6.3 188.62 NOTE
r-devel-windows-ix86+x86_64 0.6.3 67.00 272.00 339.00 NOTE
r-patched-linux-x86_64 0.6.3 28.55 119.84 148.39 OK
r-patched-solaris-x86 0.6.3 241.00 NOTE
r-release-linux-x86_64 0.6.3 30.66 120.75 151.41 OK
r-release-windows-ix86+x86_64 0.6.3 88.00 250.00 338.00 NOTE
r-release-osx-x86_64 0.6.3 NOTE
r-oldrel-windows-ix86+x86_64 0.6.3 68.00 280.00 348.00 NOTE
r-oldrel-osx-x86_64 0.6.3 NOTE

Check Details

Version: 0.6.3
Check: installed package size
Result: NOTE
     installed size is 5.8Mb
     sub-directories of 1Mb or more:
     data 4.7Mb
Flavors: r-devel-linux-x86_64-fedora-clang, r-devel-windows-ix86+x86_64, r-patched-solaris-x86, r-release-windows-ix86+x86_64, r-release-osx-x86_64, r-oldrel-windows-ix86+x86_64, r-oldrel-osx-x86_64

Version: 0.6.3
Check: data for non-ASCII characters
Result: NOTE
     Note: found 25 marked Latin-1 strings
     Note: found 658 marked UTF-8 strings
Flavors: r-devel-linux-x86_64-fedora-clang, r-devel-linux-x86_64-fedora-gcc, r-patched-solaris-x86, r-release-osx-x86_64, r-oldrel-osx-x86_64