CRAN Package Check Results for Package spatialrisk

Last updated on 2020-06-03 12:49:22 CEST.

Flavor Version Tinstall Tcheck Ttotal Status Flags
r-devel-linux-x86_64-debian-clang 0.6.7 42.95 200.08 243.03 OK
r-devel-linux-x86_64-debian-gcc 0.6.7 36.13 151.16 187.29 OK
r-devel-linux-x86_64-fedora-clang 0.6.7 310.07 NOTE
r-devel-linux-x86_64-fedora-gcc 0.6.7 299.77 NOTE
r-devel-windows-ix86+x86_64 0.6.7 118.00 394.00 512.00 NOTE
r-patched-linux-x86_64 0.6.7 39.71 196.27 235.98 OK
r-patched-solaris-x86 0.6.7 378.70 NOTE
r-release-linux-x86_64 0.6.7 36.82 199.18 236.00 OK
r-release-osx-x86_64 0.6.7 NOTE
r-release-windows-ix86+x86_64 0.6.7 86.00 268.00 354.00 NOTE
r-oldrel-osx-x86_64 0.6.7 NOTE
r-oldrel-windows-ix86+x86_64 0.6.7 118.00 251.00 369.00 NOTE

Check Details

Version: 0.6.7
Check: installed package size
Result: NOTE
     installed size is 6.0Mb
     sub-directories of 1Mb or more:
     data 4.0Mb
     libs 1.2Mb
Flavors: r-devel-linux-x86_64-fedora-clang, r-devel-windows-ix86+x86_64, r-patched-solaris-x86, r-release-osx-x86_64, r-release-windows-ix86+x86_64, r-oldrel-osx-x86_64, r-oldrel-windows-ix86+x86_64

Version: 0.6.7
Check: dependencies in R code
Result: NOTE
    Namespace in Imports field not imported from: ‘sp’
     All declared Imports should be used.
Flavors: r-devel-linux-x86_64-fedora-clang, r-devel-linux-x86_64-fedora-gcc, r-patched-solaris-x86, r-release-osx-x86_64, r-oldrel-osx-x86_64

Version: 0.6.7
Check: data for non-ASCII characters
Result: NOTE
     Note: found 25 marked Latin-1 strings
     Note: found 335 marked UTF-8 strings
Flavors: r-devel-linux-x86_64-fedora-clang, r-devel-linux-x86_64-fedora-gcc, r-patched-solaris-x86, r-release-osx-x86_64, r-oldrel-osx-x86_64