Last updated on 2024-04-17 13:57:44 CEST.
Flavor | Version | Tinstall | Tcheck | Ttotal | Status | Flags |
---|---|---|---|---|---|---|
r-devel-linux-x86_64-debian-clang | 3.0.3 | 154.46 | 243.14 | 397.60 | NOTE | |
r-devel-linux-x86_64-debian-gcc | 3.0.3 | 114.70 | 186.33 | 301.03 | NOTE | |
r-devel-linux-x86_64-fedora-clang | 3.0.3 | 551.64 | NOTE | |||
r-devel-linux-x86_64-fedora-gcc | 3.0.3 | 534.45 | NOTE | |||
r-prerel-macos-arm64 | 3.0.3 | 136.00 | NOTE | |||
r-prerel-windows-x86_64 | 3.0.3 | 118.00 | 259.00 | 377.00 | NOTE | |
r-patched-linux-x86_64 | 3.0.3 | 142.17 | 249.93 | 392.10 | NOTE | |
r-release-linux-x86_64 | 3.0.3 | 141.96 | 251.72 | 393.68 | OK | |
r-release-macos-arm64 | 3.0.3 | 154.00 | OK | |||
r-release-macos-x86_64 | 3.0.3 | 253.00 | OK | |||
r-release-windows-x86_64 | 3.0.3 | 151.00 | 320.00 | 471.00 | OK | |
r-oldrel-macos-arm64 | 3.0.3 | 140.00 | OK | |||
r-oldrel-windows-x86_64 | 3.0.3 | 141.00 | 296.00 | 437.00 | OK |
Version: 3.0.3
Check: Rd files
Result: NOTE
checkRd: (-1) pl_fit.Rd:75: Lost braces in \itemize; meant \describe ?
checkRd: (-1) pl_fit.Rd:76-77: Lost braces in \itemize; meant \describe ?
checkRd: (-1) pl_fit.Rd:78-79: Lost braces in \itemize; meant \describe ?
checkRd: (-1) pl_fit.Rd:28: Lost braces in \itemize; \value handles \item{}{} directly
checkRd: (-1) pl_fit.Rd:29-30: Lost braces in \itemize; \value handles \item{}{} directly
checkRd: (-1) pl_fit.Rd:31: Lost braces in \itemize; \value handles \item{}{} directly
checkRd: (-1) pl_fit.Rd:32: Lost braces in \itemize; \value handles \item{}{} directly
checkRd: (-1) pl_fit.Rd:33: Lost braces in \itemize; \value handles \item{}{} directly
checkRd: (-1) pl_fit.Rd:39: Lost braces in \itemize; \value handles \item{}{} directly
checkRd: (-1) pl_fit.Rd:40-41: Lost braces in \itemize; \value handles \item{}{} directly
checkRd: (-1) pl_fit.Rd:42: Lost braces in \itemize; \value handles \item{}{} directly
checkRd: (-1) pl_fit.Rd:43: Lost braces in \itemize; \value handles \item{}{} directly
checkRd: (-1) simple_sews.Rd:40-42: Lost braces in \itemize; meant \describe ?
checkRd: (-1) simple_sews.Rd:43: Lost braces in \itemize; meant \describe ?
checkRd: (-1) simple_sews.Rd:44-46: Lost braces in \itemize; meant \describe ?
checkRd: (-1) simple_sews.Rd:47-48: Lost braces in \itemize; meant \describe ?
checkRd: (-1) simple_sews.Rd:49-50: Lost braces in \itemize; meant \describe ?
checkRd: (-1) simple_sews.Rd:57-59: Lost braces in \itemize; meant \describe ?
checkRd: (-1) simple_sews.Rd:60: Lost braces in \itemize; meant \describe ?
checkRd: (-1) simple_sews.Rd:61: Lost braces in \itemize; meant \describe ?
checkRd: (-1) simple_sews.Rd:62-64: Lost braces in \itemize; meant \describe ?
checkRd: (-1) simple_sews.Rd:65-67: Lost braces in \itemize; meant \describe ?
checkRd: (-1) simple_sews.Rd:68-69: Lost braces in \itemize; meant \describe ?
checkRd: (-1) simple_sews.Rd:70-71: Lost braces in \itemize; meant \describe ?
checkRd: (-1) simple_sews.Rd:72-73: Lost braces in \itemize; meant \describe ?
checkRd: (-1) simple_sews.Rd:74: Lost braces in \itemize; meant \describe ?
checkRd: (-1) simple_sews.Rd:75-76: Lost braces in \itemize; meant \describe ?
checkRd: (-1) simple_sews.Rd:77-79: Lost braces in \itemize; meant \describe ?
Flavors: r-devel-linux-x86_64-debian-clang, r-devel-linux-x86_64-debian-gcc, r-devel-linux-x86_64-fedora-clang, r-devel-linux-x86_64-fedora-gcc, r-prerel-macos-arm64, r-prerel-windows-x86_64, r-patched-linux-x86_64