Last updated on 2025-01-19 05:49:22 CET.
Flavor | Version | Tinstall | Tcheck | Ttotal | Status | Flags |
---|---|---|---|---|---|---|
r-devel-linux-x86_64-debian-clang | 3.1-2 | 9.99 | 82.39 | 92.38 | OK | |
r-devel-linux-x86_64-debian-gcc | 3.1-2 | 8.49 | 63.39 | 71.88 | OK | |
r-devel-linux-x86_64-fedora-clang | 3.1-2 | 163.40 | OK | |||
r-devel-linux-x86_64-fedora-gcc | 3.1-2 | 154.51 | OK | |||
r-devel-windows-x86_64 | 3.1-2 | 14.00 | 94.00 | 108.00 | OK | |
r-patched-linux-x86_64 | 3.1-2 | 9.51 | 77.80 | 87.31 | NOTE | |
r-release-linux-x86_64 | 3.1-2 | 10.06 | 78.58 | 88.64 | NOTE | |
r-release-macos-arm64 | 3.1-2 | 45.00 | NOTE | |||
r-release-macos-x86_64 | 3.1-2 | 103.00 | NOTE | |||
r-release-windows-x86_64 | 3.1-2 | 15.00 | 98.00 | 113.00 | NOTE | |
r-oldrel-macos-arm64 | 3.1-2 | 50.00 | NOTE | |||
r-oldrel-macos-x86_64 | 3.1-2 | 88.00 | NOTE | |||
r-oldrel-windows-x86_64 | 3.1-2 | 14.00 | 112.00 | 126.00 | NOTE |
Version: 3.1-2
Check: package dependencies
Result: NOTE
Depends: includes the non-default packages:
'spatstat.data', 'spatstat.sparse', 'spatstat.univar',
'spatstat.geom', 'spatstat.random', 'spatstat.explore',
'spatstat.model', 'spatstat.linnet', 'spatstat'
Adding so many packages to the search path is excessive and importing
selectively is preferable.
Flavors: r-patched-linux-x86_64, r-release-linux-x86_64, r-release-macos-arm64, r-release-macos-x86_64, r-release-windows-x86_64, r-oldrel-macos-arm64, r-oldrel-macos-x86_64, r-oldrel-windows-x86_64