CRAN Package Check Results for Package spc4sts

Last updated on 2025-01-19 05:49:22 CET.

Flavor Version Tinstall Tcheck Ttotal Status Flags
r-devel-linux-x86_64-debian-clang 0.6.3 4.45 35.39 39.84 NOTE
r-devel-linux-x86_64-debian-gcc 0.6.3 2.97 26.68 29.65 NOTE
r-devel-linux-x86_64-fedora-clang 0.6.3 64.96 OK
r-devel-linux-x86_64-fedora-gcc 0.6.3 60.87 OK
r-devel-windows-x86_64 0.6.3 5.00 58.00 63.00 NOTE
r-patched-linux-x86_64 0.6.3 4.91 34.13 39.04 OK
r-release-linux-x86_64 0.6.3 3.98 33.96 37.94 OK
r-release-macos-arm64 0.6.3 24.00 OK
r-release-macos-x86_64 0.6.3 62.00 OK
r-release-windows-x86_64 0.6.3 5.00 66.00 71.00 OK
r-oldrel-macos-arm64 0.6.3 24.00 OK
r-oldrel-macos-x86_64 0.6.3 33.00 OK
r-oldrel-windows-x86_64 0.6.3 5.00 62.00 67.00 OK

Check Details

Version: 0.6.3
Check: Rd cross-references
Result: NOTE Found the following Rd file(s) with Rd \link{} targets missing package anchors: surfacemodel.Rd: rpart.control, rpart Please provide package anchors for all Rd \link{} targets not in the package itself and the base packages. Flavors: r-devel-linux-x86_64-debian-clang, r-devel-linux-x86_64-debian-gcc, r-devel-windows-x86_64