CRAN Package Check Results for Package speechbr

Last updated on 2025-01-19 05:49:22 CET.

Flavor Version Tinstall Tcheck Ttotal Status Flags
r-devel-linux-x86_64-debian-clang 2.0.0 2.53 24.95 27.48 OK
r-devel-linux-x86_64-debian-gcc 2.0.0 2.19 19.90 22.09 OK
r-devel-linux-x86_64-fedora-clang 2.0.0 44.51 NOTE
r-devel-linux-x86_64-fedora-gcc 2.0.0 42.62 NOTE
r-devel-windows-x86_64 2.0.0 5.00 51.00 56.00 OK
r-patched-linux-x86_64 2.0.0 2.69 23.80 26.49 OK
r-release-linux-x86_64 2.0.0 2.50 24.11 26.61 OK
r-release-macos-arm64 2.0.0 18.00 OK
r-release-macos-x86_64 2.0.0 27.00 OK
r-release-windows-x86_64 2.0.0 4.00 51.00 55.00 OK
r-oldrel-macos-arm64 2.0.0 23.00 OK
r-oldrel-macos-x86_64 2.0.0 34.00 OK
r-oldrel-windows-x86_64 2.0.0 5.00 54.00 59.00 OK

Check Details

Version: 2.0.0
Check: dependencies in R code
Result: NOTE Namespaces in Imports field not imported from: ‘glue’ ‘httptest’ All declared Imports should be used. Flavors: r-devel-linux-x86_64-fedora-clang, r-devel-linux-x86_64-fedora-gcc