Last updated on 2025-01-19 05:49:22 CET.
Flavor | Version | Tinstall | Tcheck | Ttotal | Status | Flags |
---|---|---|---|---|---|---|
r-devel-linux-x86_64-debian-clang | 1.4.0 | 128.98 | 152.88 | 281.86 | NOTE | |
r-devel-linux-x86_64-debian-gcc | 1.4.0 | 98.70 | 98.34 | 197.04 | NOTE | |
r-devel-linux-x86_64-fedora-clang | 1.4.0 | 622.09 | OK | |||
r-devel-linux-x86_64-fedora-gcc | 1.4.0 | 599.19 | OK | |||
r-devel-windows-x86_64 | 1.4.0 | 134.00 | 385.00 | 519.00 | NOTE | |
r-patched-linux-x86_64 | 1.4.0 | 141.74 | 141.94 | 283.68 | OK | |
r-release-linux-x86_64 | 1.4.0 | 142.64 | 141.72 | 284.36 | OK | |
r-release-macos-arm64 | 1.4.0 | 226.00 | NOTE | |||
r-release-macos-x86_64 | 1.4.0 | 307.00 | NOTE | |||
r-release-windows-x86_64 | 1.4.0 | 139.00 | 391.00 | 530.00 | OK | |
r-oldrel-macos-arm64 | 1.4.0 | 235.00 | NOTE | |||
r-oldrel-macos-x86_64 | 1.4.0 | 314.00 | NOTE | |||
r-oldrel-windows-x86_64 | 1.4.0 | 151.00 | 422.00 | 573.00 | OK |
Version: 1.4.0
Check: Rd cross-references
Result: NOTE
Found the following Rd file(s) with Rd \link{} targets missing package
anchors:
F_from_f.Rd: tang-norm-decomp
Please provide package anchors for all Rd \link{} targets not in the
package itself and the base packages.
Flavors: r-devel-linux-x86_64-debian-clang, r-devel-linux-x86_64-debian-gcc, r-devel-windows-x86_64
Version: 1.4.0
Check: installed package size
Result: NOTE
installed size is 17.3Mb
sub-directories of 1Mb or more:
libs 16.2Mb
Flavors: r-release-macos-arm64, r-release-macos-x86_64, r-oldrel-macos-arm64, r-oldrel-macos-x86_64