Last updated on 2024-04-17 13:57:45 CEST.
Flavor | Version | Tinstall | Tcheck | Ttotal | Status | Flags |
---|---|---|---|---|---|---|
r-devel-linux-x86_64-debian-clang | 1.1-19 | 20.91 | 130.34 | 151.25 | OK | |
r-devel-linux-x86_64-debian-gcc | 1.1-19 | 13.73 | 98.07 | 111.80 | OK | |
r-devel-linux-x86_64-fedora-clang | 1.1-19 | 185.86 | OK | |||
r-devel-linux-x86_64-fedora-gcc | 1.1-19 | 188.67 | OK | |||
r-prerel-macos-arm64 | 1.1-19 | 58.00 | OK | |||
r-prerel-windows-x86_64 | 1.1-19 | 18.00 | 115.00 | 133.00 | OK | --no-vignettes |
r-patched-linux-x86_64 | 1.1-19 | 16.77 | 125.19 | 141.96 | OK | |
r-release-linux-x86_64 | 1.1-19 | 18.46 | 126.62 | 145.08 | OK | |
r-release-macos-arm64 | 1.1-19 | 66.00 | OK | |||
r-release-macos-x86_64 | 1.1-19 | 103.00 | NOTE | |||
r-release-windows-x86_64 | 1.1-19 | 23.00 | 120.00 | 143.00 | OK | --no-vignettes |
r-oldrel-macos-arm64 | 1.1-19 | 52.00 | OK | |||
r-oldrel-windows-x86_64 | 1.1-19 | 22.00 | 114.00 | 136.00 | OK | --no-vignettes |
Version: 1.1-19
Check: package dependencies
Result: NOTE
Package suggested but not available for checking: ‘mboost’
Flavor: r-release-macos-x86_64